{"id":1349,"date":"2020-07-28T00:30:51","date_gmt":"2020-07-27T23:30:51","guid":{"rendered":"https:\/\/fundacja.kerstens.org\/index.php\/?page_id=1349"},"modified":"2020-07-28T00:30:51","modified_gmt":"2020-07-27T23:30:51","slug":"dr-tomasz-leszkowicz","status":"publish","type":"page","link":"https:\/\/fundacja.kerstens.org\/index.php\/dr-tomasz-leszkowicz\/","title":{"rendered":"Dr Tomasz Leszkowicz"},"content":{"rendered":"<h2>Stypendysta Fundacji 2016-2017<\/h2>\n<p style=\"padding-left:40px;\">4 grudnia 2019 r. w  Instytucie Historii im. Tadeusza Manteuffla Polskiej Akademii Nauk w Warszawie Tomasz  Leszkowicz obroni\u0142 prac\u0119 doktorsk\u0105 pt. \u201eLudowe Wojsko Polskie jako instytucja  polityki pami\u0119ci historycznej (1956\u20141981)\u201d. Promotorem pracy by\u0142 dr. hab. Krzysztof Kosi\u0144ski, prof. IH PAN, a recenzentami byli prof. dr hab. Marek Wierzbicki i prof. dr hab. Krzysztof  Komorowski.<\/p>\n<p class=\"right_text\"><em>Panu  Doktorowi serdecznie gratulujemy!<\/em><\/p>\n<p><img loading=\"lazy\" decoding=\"async\" src=\"https:\/\/fundacja.kerstens.org\/wp-content\/uploads\/2020\/07\/19-Leszkowicz.jpg\" alt=\"\" width=\"280\" height=\"811\" class=\"alignright size-full wp-image-1350\" srcset=\"https:\/\/fundacja.kerstens.org\/wp-content\/uploads\/2020\/07\/19-Leszkowicz.jpg 280w, https:\/\/fundacja.kerstens.org\/wp-content\/uploads\/2020\/07\/19-Leszkowicz-104x300.jpg 104w\" sizes=\"auto, (max-width: 280px) 100vw, 280px\" \/><\/p>\n<p><strong>Rozprawa  doktorska: <\/strong><strong>Ludowe Wojsko Polskie jako instytucja polityki pami\u0119ci historycznej  (1956\u20141981)<\/strong><\/p>\n<p><strong>Streszczenie<\/strong> <\/p>\n<p>Ludowe  Wojsko Polskie, czyli si\u0142y zbrojne rz\u0105dzonej przez komunist\u00f3w Polski, pe\u0142ni\u0142o rozmaite  funkcje nie tylko o charakterze militarnym. Jako jeden z filar\u00f3w systemu by\u0142o  te\u017c instytucj\u0105 polityczn\u0105, odpowiedzialn\u0105 m.in. za prowadzenie intensywnej  propagandy. Moja dysertacja jest po\u015bwi\u0119cona jednemu z obszar\u00f3w tej dzia\u0142alno\u015bci  \u2014 polityce pami\u0119ci historycznej wojska, czyli dzia\u0142aniom  nakierowanym na kszta\u0142towanie pewnej wizji przesz\u0142o\u015bci (pami\u0119ci zbiorowej) i  wykorzystywanie jej w bie\u017c\u0105cej dzia\u0142alno\u015bci politycznej.<\/p>\n<p>G\u0142\u00f3wn\u0105  tez\u0105 pracy jest stwierdzenie, \u017ce dla Ludowego Wojska Polskiego odwo\u0142ania do  przesz\u0142o\u015bci by\u0142y istotnym elementem pracy polityczno-propagandowej,  wzmacniaj\u0105cym wizerunek armii patriotycznej, stoj\u0105cej na stra\u017cy bezpiecze\u0144stwa  zewn\u0119trznej i wewn\u0119trznego pa\u0144stwa. Wojskowa polityka pami\u0119ci historycznej mia\u0142a  przy tym w\u0142asn\u0105 dynamik\u0119: wypracowywania koncepcji na prze\u0142omie lat 50. i 60.,  szczeg\u00f3lnego nasilenia w schy\u0142kowym okresie sprawowania w\u0142adzy przez W\u0142adys\u0142awa  Gomu\u0142k\u0119 oraz kontynuacji i stabilizacji w dekadzie rz\u0105d\u00f3w Edwarda Gierka.<\/p>\n<p>Efektem  analizy opr\u00f3cz rekonstrukcji najwa\u017cniejszych decyzji, dzia\u0142a\u0144 oraz narracji  promowanych w ramach wojskowej propagandy jest te\u017c pokazanie LWP jako  instytucji wywieraj\u0105cej aktywny wp\u0142yw na \u017cycie polityczne, spo\u0142eczne i  kulturowe PRL. U\u017cywaj\u0105c do tego r\u00f3\u017cnych narz\u0119dzi, wojsko pr\u00f3bowa\u0142o anga\u017cowa\u0107 do  realizacji swoich zamierze\u0144 instytucje cywilne, udzielaj\u0105c im wsparcia i  lobbuj\u0105c za rozwi\u0105zaniami korzystnymi z punktu widzenia wojskowej polityki  pami\u0119ci historycznej.<\/p>\n<p>Cz\u0119\u015b\u0107  pierwsza rozprawy jest po\u015bwi\u0119cona genezie opisywanego zagadnienia, a wi\u0119c  okresowi II wojny \u015bwiatowej, tworzenia si\u0119 systemu komunistycznego, stalinizmu  oraz odwil\u017cy, z kt\u00f3rych to do\u015bwiadcze\u0144 w p\u00f3\u017aniejszym czasie intensywnie  korzystano. Po 1956 r. przekaz historyczny kierowano do dw\u00f3ch zr\u00f3\u017cnicowanych  grup, b\u0119d\u0105cych przedmiotem analizy w nast\u0119pnych cz\u0119\u015bciach pracy: \u017co\u0142nierzy  (cz\u0119\u015b\u0107 druga), intensywnie indoktrynowanych w ramach r\u00f3\u017cnorodnych dzia\u0142a\u0144  wewn\u0105trz jednostek wojskowych, oraz \u015brodowiska cywilnego (cz\u0119\u015b\u0107 trzecia), kt\u00f3remu  opr\u00f3cz pewnego obrazu historii starano si\u0119 przekaza\u0107 tak\u017ce pozytywny wizerunek  wojska. G\u0142\u00f3wnym tematem kolejnych cz\u0119\u015bci jest przekaz wojskowej polityki  pami\u0119ci historycznej: wp\u0142yw LWP na literatur\u0119, kinematografi\u0119 oraz muzealnictwo  (cz\u0119\u015b\u0107 czwarta) oraz spos\u00f3b kszta\u0142towania najwa\u017cniejszych narracji  propagandowych \u2014 o bitwie pod Lenino, zwyci\u0119stwie w II wojnie \u015bwiatowej oraz  dziejach or\u0119\u017ca polskiego od X do XIX w. (cz\u0119\u015b\u0107 pi\u0105ta). Dysertacj\u0119 ko\u0144czy epilog  zawieraj\u0105cy pr\u00f3b\u0119 oceny, z jak\u0105 recepcj\u0105 spotyka\u0142a si\u0119 wojskowa polityka  pami\u0119ci historycznej oraz jaki by\u0142 rezultat jej zetkni\u0119cia z g\u0142\u0119bokim kryzysem  politycznym PRL w latach 1980\u20141981.<\/p>\n<p>Rozprawa,  odwo\u0142uj\u0105ca si\u0119 do r\u00f3\u017cnorodnych materia\u0142\u00f3w \u017ar\u00f3d\u0142owych proweniencji wojskowej i  cywilnej, stanowi pr\u00f3b\u0119 polityczno-spo\u0142ecznego spojrzenia na histori\u0119 armii w  systemie komunistycznym oraz na mechanizmy kszta\u0142towania si\u0119 specyficznej,  wojskowej wersji pami\u0119ci zbiorowej.<\/p>\n","protected":false},"excerpt":{"rendered":"<p>Stypendysta Fundacji 2016-2017 4 grudnia 2019 r. w Instytucie Historii im. Tadeusza Manteuffla Polskiej Akademii Nauk w Warszawie Tomasz Leszkowicz&hellip;<\/p>\n","protected":false},"author":2,"featured_media":0,"parent":0,"menu_order":0,"comment_status":"closed","ping_status":"closed","template":"","meta":{"footnotes":""},"class_list":["post-1349","page","type-page","status-publish","hentry"],"_links":{"self":[{"href":"https:\/\/fundacja.kerstens.org\/index.php\/wp-json\/wp\/v2\/pages\/1349","targetHints":{"allow":["GET"]}}],"collection":[{"href":"https:\/\/fundacja.kerstens.org\/index.php\/wp-json\/wp\/v2\/pages"}],"about":[{"href":"https:\/\/fundacja.kerstens.org\/index.php\/wp-json\/wp\/v2\/types\/page"}],"author":[{"embeddable":true,"href":"https:\/\/fundacja.kerstens.org\/index.php\/wp-json\/wp\/v2\/users\/2"}],"replies":[{"embeddable":true,"href":"https:\/\/fundacja.kerstens.org\/index.php\/wp-json\/wp\/v2\/comments?post=1349"}],"version-history":[{"count":1,"href":"https:\/\/fundacja.kerstens.org\/index.php\/wp-json\/wp\/v2\/pages\/1349\/revisions"}],"predecessor-version":[{"id":1351,"href":"https:\/\/fundacja.kerstens.org\/index.php\/wp-json\/wp\/v2\/pages\/1349\/revisions\/1351"}],"wp:attachment":[{"href":"https:\/\/fundacja.kerstens.org\/index.php\/wp-json\/wp\/v2\/media?parent=1349"}],"curies":[{"name":"wp","href":"https:\/\/api.w.org\/{rel}","templated":true}]}}