{"id":1777,"date":"2020-11-04T22:30:02","date_gmt":"2020-11-04T21:30:02","guid":{"rendered":"https:\/\/fundacja.kerstens.org\/index.php\/?page_id=1777"},"modified":"2022-05-05T21:54:34","modified_gmt":"2022-05-05T20:54:34","slug":"2020-konkurs-o-stypendium-doktoranckie-im-adama-kerstena","status":"publish","type":"page","link":"https:\/\/fundacja.kerstens.org\/index.php\/2020-konkurs-o-stypendium-doktoranckie-im-adama-kerstena\/","title":{"rendered":"2020 Konkurs o stypendium doktoranckie im. Adama Kerstena"},"content":{"rendered":"\t\t\t<!-- Flexy Breadcrumb -->\r\n\t\t\t<div class=\"fbc fbc-page\">\r\n\r\n\t\t\t\t<!-- Breadcrumb wrapper -->\r\n\t\t\t\t<div class=\"fbc-wrap\">\r\n\r\n\t\t\t\t\t<!-- Ordered list-->\r\n\t\t\t\t\t<ol class=\"fbc-items\" itemscope itemtype=\"https:\/\/schema.org\/BreadcrumbList\">\r\n\t\t\t\t\t\t            <li itemprop=\"itemListElement\" itemscope itemtype=\"https:\/\/schema.org\/ListItem\">\r\n                <span itemprop=\"name\">\r\n                    <!-- Home Link -->\r\n                    <a itemprop=\"item\" href=\"https:\/\/fundacja.kerstens.org\/index.php\">\r\n                    \r\n                                                    <i class=\"fa fa-home\" aria-hidden=\"true\"><\/i>Home                    <\/a>\r\n                <\/span>\r\n                <meta itemprop=\"position\" content=\"1\" \/><!-- Meta Position-->\r\n             <\/li><li><span class=\"fbc-separator\">\/<\/span><\/li><li class=\"active\" itemprop=\"itemListElement\" itemscope itemtype=\"https:\/\/schema.org\/ListItem\"><span itemprop=\"name\" title=\"Wiadomo\u015bci\">Wiadomo\u015bci<\/span><meta itemprop=\"position\" content=\"2\" \/><\/li>\t\t\t\t\t<\/ol>\r\n\t\t\t\t\t<div class=\"clearfix\"><\/div>\r\n\t\t\t\t<\/div>\r\n\t\t\t<\/div>\r\n\t\t\t\n<h2>Laureatka: Anna Jakimowicz<\/h2>\n<p><strong>Anna Jakimowicz<\/strong> \u2013 doktorantka w Katedrze XVI\u2013XIX w. i Europy Wschodniej w Instytucie Historii UMCS. <img loading=\"lazy\" decoding=\"async\" src=\"https:\/\/fundacja.kerstens.org\/wp-content\/uploads\/2020\/11\/zdjecie-Anna-Jakimowicz-190x300.jpg\" alt=\"\" width=\"190\" height=\"300\" class=\"alignleft size-medium wp-image-1783\" srcset=\"https:\/\/fundacja.kerstens.org\/wp-content\/uploads\/2020\/11\/zdjecie-Anna-Jakimowicz-190x300.jpg 190w, https:\/\/fundacja.kerstens.org\/wp-content\/uploads\/2020\/11\/zdjecie-Anna-Jakimowicz.jpg 465w\" sizes=\"auto, (max-width: 190px) 100vw, 190px\" \/> Autorka artyku\u0142\u00f3w naukowych publikowanych na \u0142amach m.in. \u201eFolia Historica Cracoviensia\u201d, \u201eMeritum\u201d czy \u201eRocznika Lubelskiego\u201d, uczestniczka og\u00f3lnopolskich i mi\u0119dzynarodowych konferencji naukowych. Przewodnicz\u0105ca Sekcji Historycznej Ko\u0142a Naukowego Doktorant\u00f3w WH UMCS, cz\u0142onkini oddzia\u0142u lubelskiego Towarzystwa Historiograficznego.<br \/>\nJej zainteresowania badawcze koncentruj\u0105 si\u0119 wok\u00f3\u0142 historii spo\u0142ecznej, szczeg\u00f3lnie aktywno\u015bci mieszka\u0144c\u00f3w o\u015brodk\u00f3w miejskich na terenie Kr\u00f3lestwa Polskiego w XIX i na pocz\u0105tku XX w. Obecnie przygotowuje rozpraw\u0119 doktorsk\u0105 po\u015bwi\u0119con\u0105 \u017cyciu codziennemu mieszka\u0144c\u00f3w Lublina w okresie I wojny \u015bwiatowej pod kierunkiem prof. Ma\u0142gorzaty Nossowskiej.<br \/>\nOtrzyma\u0142a stypendium doktorskie im. Adama Kerstena w roku akademickim 2020\/2021.<\/p>\n<h5>Rozprawa doktorska przygotowywana przez Ann\u0119 Jakimowicz<\/h5>\n<p><strong>Wojenna rzeczywisto\u015b\u0107. Lublin w czasie I wojny \u015bwiatowej<\/strong><\/p>\n<p>Przedmiotem mojej rozprawy doktorskiej jest \u017cycie codzienne mieszka\u0144c\u00f3w Lublina w latach 1914\u20131918. Wi\u0119kszo\u015b\u0107 prac chronologicznie koncentruj\u0105cych si\u0119 na okresie I wojny \u015bwiatowej w zakresie tematycznym mie\u015bci si\u0119 w nurcie historii politycznej lub wojskowej. Wobec luki badawczej istniej\u0105cej w ramach paradygmatu historii spo\u0142ecznej, szczeg\u00f3lnie w kontek\u015bcie wp\u0142ywu Wielkiej Wojny na \u017cycie mieszka\u0144c\u00f3w polskich miast, przedmiot moich zainteresowa\u0144 skonceptualizowa\u0142am na \u201eteatrze \u017cycia codziennego\u201d jednostek funkcjonuj\u0105cych na obszarze Lublina. W zwi\u0105zku z tym przyj\u0119ta optyka zak\u0142ada z jednej strony analiz\u0119 aktywno\u015bci lublinian w sferze spo\u0142ecznej, kulturalnej czy o\u015bwiatowej, z drugiej \u2013 podj\u0119cie bada\u0144 nad przestrzeni\u0105 miejsk\u0105, w kt\u00f3rej egzystowali.<br \/>\nOpuszczenie Lublina przez Rosjan w po\u0142owie 1915 r., a nast\u0119pnie przej\u0119cie w\u0142adzy przez armi\u0119 austro-w\u0119giersk\u0105 sta\u0142o si\u0119 przyczyn\u0105 daleko id\u0105cych zmian w warunkach \u017cycia codziennego jego mieszka\u0144c\u00f3w. Nowa sytuacja prawno-administracyjna zapocz\u0105tkowa\u0142a r\u00f3wnie\u017c okres przeobra\u017ce\u0144 w zabudowie miasta zar\u00f3wno w kontek\u015bcie materialnym, jak i funkcjonalnym. W zwi\u0105zku z powy\u017cszym celem mojej pracy jest skonstruowanie narracji wyja\u015bniaj\u0105cej, w jaki spos\u00f3b okres wojny wp\u0142yn\u0105\u0142 na warunki egzystencjalne ludno\u015bci, jakie by\u0142y potrzeby \u201eprzeci\u0119tnych\u201d mieszka\u0144c\u00f3w miasta oraz jak w praktyce je zaspokajano.<br \/>\nPatrzenie na \u017cycie codzienne ludno\u015bci cywilnej w okresie wojny implikuje zainteresowanie kwestiami dotycz\u0105cymi kierunk\u00f3w dzia\u0142a\u0144 administracyjnych podejmowanych ze strony okupant\u00f3w. Spo\u015br\u00f3d restrykcji narzucanych przez w\u0142adze austro-w\u0119gierskie za najbardziej dotkliwe nale\u017cy uzna\u0107 kontrybucje, rekwizycje, konfiskaty \u017cywno\u015bci oraz wprowadzenie pracy przymusowej. Koncepcja projektu zak\u0142ada znalezienie odpowiedzi na pytanie o metody, za pomoc\u0105 kt\u00f3rych mieszka\u0144cy Lublina pr\u00f3bowali rozwi\u0105zywa\u0107 nowe, obiektywne trudno\u015bci. Za istotny problem badawczy uwa\u017cam kwesti\u0119 postaw analizowanej spo\u0142eczno\u015bci wobec zaistnia\u0142ej sytuacji wojennej, a co za tym idzie r\u00f3wnie\u017c sposob\u00f3w reagowania na dynamiczne zmiany o charakterze politycznym. St\u0105d te\u017c szczeg\u00f3lnie wa\u017cne b\u0119dzie dokonanie analizy relacji pomi\u0119dzy w\u0142adz\u0105 okupacyjn\u0105 a lubelsk\u0105 ludno\u015bci\u0105 cywiln\u0105.<br \/>\nKluczowym elementem pracy jest ukazanie miasta jako stolicy Generalnego Gubernatorstwa Wojskowego (od 1 pa\u017adziernika 1915 r.), a tym samym znacz\u0105cego o\u015brodka administracyjnego i wojskowego. Nie bez powodu Lublin zacz\u0119to nazywa\u0107 \u201ema\u0142ym Wiedniem\u201d \u2013 obecno\u015b\u0107 oficer\u00f3w i urz\u0119dnik\u00f3w austriackich (cz\u0119sto sprowadzaj\u0105cych swoje rodziny) przyczyni\u0142a si\u0119 do o\u017cywienia \u017cycia kulturalnego i rozrywkowego. Pozytywnym aspektem dzia\u0142alno\u015bci w\u0142adzy okupacyjnej by\u0142a te\u017c reorganizacja systemu o\u015bwiatowego oraz s\u0105downictwa, co mia\u0142o istotne znaczenie przy odbudowie pa\u0144stwa polskiego po 1918 r.<br \/>\nPodstaw\u0119 \u017ar\u00f3d\u0142ow\u0105 moich bada\u0144 stanowi\u0105 materia\u0142y archiwalne, prasowe, pami\u0119tnikarskie oraz fotograficzne.<\/p>\n","protected":false},"excerpt":{"rendered":"<p>Laureatka: Anna Jakimowicz Anna Jakimowicz \u2013 doktorantka w Katedrze XVI\u2013XIX w. i Europy Wschodniej w Instytucie Historii UMCS. Autorka artyku\u0142\u00f3w&hellip;<\/p>\n","protected":false},"author":4,"featured_media":0,"parent":0,"menu_order":0,"comment_status":"closed","ping_status":"closed","template":"","meta":{"footnotes":""},"class_list":["post-1777","page","type-page","status-publish","hentry"],"_links":{"self":[{"href":"https:\/\/fundacja.kerstens.org\/index.php\/wp-json\/wp\/v2\/pages\/1777","targetHints":{"allow":["GET"]}}],"collection":[{"href":"https:\/\/fundacja.kerstens.org\/index.php\/wp-json\/wp\/v2\/pages"}],"about":[{"href":"https:\/\/fundacja.kerstens.org\/index.php\/wp-json\/wp\/v2\/types\/page"}],"author":[{"embeddable":true,"href":"https:\/\/fundacja.kerstens.org\/index.php\/wp-json\/wp\/v2\/users\/4"}],"replies":[{"embeddable":true,"href":"https:\/\/fundacja.kerstens.org\/index.php\/wp-json\/wp\/v2\/comments?post=1777"}],"version-history":[{"count":6,"href":"https:\/\/fundacja.kerstens.org\/index.php\/wp-json\/wp\/v2\/pages\/1777\/revisions"}],"predecessor-version":[{"id":2003,"href":"https:\/\/fundacja.kerstens.org\/index.php\/wp-json\/wp\/v2\/pages\/1777\/revisions\/2003"}],"wp:attachment":[{"href":"https:\/\/fundacja.kerstens.org\/index.php\/wp-json\/wp\/v2\/media?parent=1777"}],"curies":[{"name":"wp","href":"https:\/\/api.w.org\/{rel}","templated":true}]}}

<!-- Flexy Breadcrumb -->
			<div class="fbc fbc-page">

				<!-- Breadcrumb wrapper -->
				<div class="fbc-wrap">

					<!-- Ordered list-->
					<ol class="fbc-items" itemscope itemtype="https://schema.org/BreadcrumbList">
						            <li itemprop="itemListElement" itemscope itemtype="https://schema.org/ListItem">
                <span itemprop="name">
                    <!-- Home Link -->
                    <a itemprop="item" href="https://fundacja.kerstens.org/index.php">
                    
                                                    <i class="fa fa-home" aria-hidden="true"></i>Home                    </a>
                </span>
                <meta itemprop="position" content="1" /><!-- Meta Position-->
             </li><li><span class="fbc-separator">/</span></li><li class="active" itemprop="itemListElement" itemscope itemtype="https://schema.org/ListItem"><span itemprop="name" title="Wiadomości">Wiadomości</span><meta itemprop="position" content="2" /></li>					</ol>
					<div class="clearfix"></div>
				</div>
			</div>
			
<h2>Laureatka: Anna Jakimowicz</h2>
<p><strong>Anna Jakimowicz</strong> – doktorantka w Katedrze XVI–XIX w. i Europy Wschodniej w Instytucie Historii UMCS. <img loading="lazy" decoding="async" src="https://fundacja.kerstens.org/wp-content/uploads/2020/11/zdjecie-Anna-Jakimowicz-190x300.jpg" alt="" width="190" height="300" class="alignleft size-medium wp-image-1783" srcset="https://fundacja.kerstens.org/wp-content/uploads/2020/11/zdjecie-Anna-Jakimowicz-190x300.jpg 190w, https://fundacja.kerstens.org/wp-content/uploads/2020/11/zdjecie-Anna-Jakimowicz.jpg 465w" sizes="auto, (max-width: 190px) 100vw, 190px" /> Autorka artykułów naukowych publikowanych na łamach m.in. „Folia Historica Cracoviensia”, „Meritum” czy „Rocznika Lubelskiego”, uczestniczka ogólnopolskich i międzynarodowych konferencji naukowych. Przewodnicząca Sekcji Historycznej Koła Naukowego Doktorantów WH UMCS, członkini oddziału lubelskiego Towarzystwa Historiograficznego.<br />
Jej zainteresowania badawcze koncentrują się wokół historii społecznej, szczególnie aktywności mieszkańców ośrodków miejskich na terenie Królestwa Polskiego w XIX i na początku XX w. Obecnie przygotowuje rozprawę doktorską poświęconą życiu codziennemu mieszkańców Lublina w okresie I wojny światowej pod kierunkiem prof. Małgorzaty Nossowskiej.<br />
Otrzymała stypendium doktorskie im. Adama Kerstena w roku akademickim 2020/2021.</p>
<h5>Rozprawa doktorska przygotowywana przez Annę Jakimowicz</h5>
<p><strong>Wojenna rzeczywistość. Lublin w czasie I wojny światowej</strong></p>
<p>Przedmiotem mojej rozprawy doktorskiej jest życie codzienne mieszkańców Lublina w latach 1914–1918. Większość prac chronologicznie koncentrujących się na okresie I wojny światowej w zakresie tematycznym mieści się w nurcie historii politycznej lub wojskowej. Wobec luki badawczej istniejącej w ramach paradygmatu historii społecznej, szczególnie w kontekście wpływu Wielkiej Wojny na życie mieszkańców polskich miast, przedmiot moich zainteresowań skonceptualizowałam na „teatrze życia codziennego” jednostek funkcjonujących na obszarze Lublina. W związku z tym przyjęta optyka zakłada z jednej strony analizę aktywności lublinian w sferze społecznej, kulturalnej czy oświatowej, z drugiej – podjęcie badań nad przestrzenią miejską, w której egzystowali.<br />
Opuszczenie Lublina przez Rosjan w połowie 1915 r., a następnie przejęcie władzy przez armię austro-węgierską stało się przyczyną daleko idących zmian w warunkach życia codziennego jego mieszkańców. Nowa sytuacja prawno-administracyjna zapoczątkowała również okres przeobrażeń w zabudowie miasta zarówno w kontekście materialnym, jak i funkcjonalnym. W związku z powyższym celem mojej pracy jest skonstruowanie narracji wyjaśniającej, w jaki sposób okres wojny wpłynął na warunki egzystencjalne ludności, jakie były potrzeby „przeciętnych” mieszkańców miasta oraz jak w praktyce je zaspokajano.<br />
Patrzenie na życie codzienne ludności cywilnej w okresie wojny implikuje zainteresowanie kwestiami dotyczącymi kierunków działań administracyjnych podejmowanych ze strony okupantów. Spośród restrykcji narzucanych przez władze austro-węgierskie za najbardziej dotkliwe należy uznać kontrybucje, rekwizycje, konfiskaty żywności oraz wprowadzenie pracy przymusowej. Koncepcja projektu zakłada znalezienie odpowiedzi na pytanie o metody, za pomocą których mieszkańcy Lublina próbowali rozwiązywać nowe, obiektywne trudności. Za istotny problem badawczy uważam kwestię postaw analizowanej społeczności wobec zaistniałej sytuacji wojennej, a co za tym idzie również sposobów reagowania na dynamiczne zmiany o charakterze politycznym. Stąd też szczególnie ważne będzie dokonanie analizy relacji pomiędzy władzą okupacyjną a lubelską ludnością cywilną.<br />
Kluczowym elementem pracy jest ukazanie miasta jako stolicy Generalnego Gubernatorstwa Wojskowego (od 1 października 1915 r.), a tym samym znaczącego ośrodka administracyjnego i wojskowego. Nie bez powodu Lublin zaczęto nazywać „małym Wiedniem” – obecność oficerów i urzędników austriackich (często sprowadzających swoje rodziny) przyczyniła się do ożywienia życia kulturalnego i rozrywkowego. Pozytywnym aspektem działalności władzy okupacyjnej była też reorganizacja systemu oświatowego oraz sądownictwa, co miało istotne znaczenie przy odbudowie państwa polskiego po 1918 r.<br />
Podstawę źródłową moich badań stanowią materiały archiwalne, prasowe, pamiętnikarskie oraz fotograficzne.</p>

<p>Laureatka: Anna Jakimowicz Anna Jakimowicz – doktorantka w Katedrze XVI–XIX w. i Europy Wschodniej w Instytucie Historii UMCS. Autorka artykułów&hellip;</p>
