{"id":2228,"date":"2024-02-11T14:11:20","date_gmt":"2024-02-11T13:11:20","guid":{"rendered":"https:\/\/fundacja.kerstens.org\/index.php\/?page_id=2228"},"modified":"2024-04-26T12:56:40","modified_gmt":"2024-04-26T11:56:40","slug":"profesor-adam-kersten-1930-1983-uczony-nauczyciel-czlowiek","status":"publish","type":"page","link":"https:\/\/fundacja.kerstens.org\/index.php\/profesor-adam-kersten-1930-1983-uczony-nauczyciel-czlowiek\/","title":{"rendered":"Profesor Adam Kersten 1930\u20131983. Uczony, nauczyciel, cz\u0142owiek"},"content":{"rendered":"<p><img loading=\"lazy\" decoding=\"async\" src=\"https:\/\/fundacja.kerstens.org\/wp-content\/uploads\/2024\/02\/Profesor-Adam-Kersten_okladka-208x300.jpg\" alt=\"\" width=\"208\" height=\"300\" class=\"alignleft size-medium wp-image-2226\" srcset=\"https:\/\/fundacja.kerstens.org\/wp-content\/uploads\/2024\/02\/Profesor-Adam-Kersten_okladka-208x300.jpg 208w, https:\/\/fundacja.kerstens.org\/wp-content\/uploads\/2024\/02\/Profesor-Adam-Kersten_okladka-708x1024.jpg 708w, https:\/\/fundacja.kerstens.org\/wp-content\/uploads\/2024\/02\/Profesor-Adam-Kersten_okladka.jpg 768w\" sizes=\"auto, (max-width: 208px) 100vw, 208px\" \/>Dawni studenci Instytutu Historii UMCS wyszli z godn\u0105 uznania inicjatyw\u0105, by w 40. rocznic\u0119 \u015bmierci prof. Adama Kerstena przypomnie\u0107 jego sylwetk\u0119 w odr\u0119bnej publikacji. W 2023 r. nak\u0142adem Towarzystwa Nauki i Kultury \u201eLibra\u201d ukaza\u0142a si\u0119 ksi\u0105\u017cka wspomnieniowa <em>Profesor Adam Kersten 1930\u20131983. Uczony, nauczyciel, cz\u0142owiek<\/em>, pod redakcj\u0105 Dariusza Kupisza. Artyku\u0142y tam zamieszczone \u015bwiadcz\u0105 o tym, \u017ce dawni podopieczni i koledzy wci\u0105\u017c o nim pami\u0119taj\u0105 i doceniaj\u0105 jego wk\u0142ad w rozw\u00f3j uczelni. Na tom sk\u0142ada si\u0119 dziesi\u0119\u0107 tekst\u00f3w, dowodz\u0105cych, \u017ce Profesor zwi\u0105zany z UMCS przez ponad \u0107wier\u0107wiecze odcisn\u0105\u0142 wyra\u017any \u015blad na \u017cyciu uczelni, cenne jest wi\u0119c przybli\u017cenie jego postaci tak\u017ce osobom, kt\u00f3re nie zd\u0105\u017cy\u0142y go pozna\u0107. <\/p>\n<p>Dwa artyku\u0142y, Adama Andrzeja Witusika i Jana Olaszka, maj\u0105 charakter biogram\u00f3w, przy czym pierwszy skupia si\u0119 na dorobku naukowym Kerstena, a drugi na jego aktywno\u015bci w sferze publicznej, solidnie j\u0105 dokumentuj\u0105c. Dzi\u0119ki ich przedrukowi w tomie znajduj\u0105 si\u0119 najwa\u017cniejsze informacje na jego temat i nie trzeba po nie si\u0119ga\u0107 do trudno dost\u0119pnych publikacji.<br \/>\nSzczeg\u00f3ln\u0105 warto\u015b\u0107 maj\u0105 wspomnienia, tak osobistych zapisk\u00f3w nie znajdziemy bowiem w oficjalnych tekstach biograficznych. Akademia przez stulecia opiera\u0142a si\u0119 na bezpo\u015bredniej relacji mistrza i ucznia, wyra\u017anie mo\u017cna to dostrzec w tekstach dawnych doktorant\u00f3w i student\u00f3w Adama Kerstena, Z artyku\u0142\u00f3w Wies\u0142awa \u015aladkowskiego, J\u00f3zefa Dudy, Witolda K\u0142aczewskiego i Ewy S\u0119dzimierz wy\u0142ania si\u0119 obraz historyka i nauczyciela wywieraj\u0105cego ogromny wp\u0142yw na swoich podopiecznych, z pasj\u0105 kszta\u0142tuj\u0105cego ich warsztat badawczy i otaczaj\u0105cego trosk\u0105 zar\u00f3wno w ich karierze naukowej, jak i zwyczajnie w \u017cyciu codziennym. Edward Alfred Mierzwa okrasi\u0142 jeszcze te wspomnienia gar\u015bci\u0105 anegdot, dzi\u0119ki kt\u00f3rym Adam Kersten staje przed oczami jak \u017cywy \u2013 ze swoimi nawykami, pe\u0142nym zaanga\u017cowaniem, sarkazmem i lekk\u0105 wad\u0105 wymowy, kt\u00f3ra nie przeszkadza\u0142a mu w elokwentnych wypowiedziach wyg\u0142aszanych z du\u017cym \u017carem. Wszyscy autorzy podkre\u015blaj\u0105 z jednej strony wybitne walory intelektualne i bogaty dorobek merytoryczny Adama Kerstena, dzi\u0119ki czemu sami si\u0119 rozwijali na uczelni, z drugiej za\u015b jego poczucie odpowiedzialno\u015bci za m\u0142odych ludzi b\u0119d\u0105cych jego wychowankami i troskliw\u0105 opiek\u0119, jak\u0105 ich otacza\u0142.<br \/>\nHenryk Gmiterek przybli\u017cy\u0142 sylwetk\u0119 syna Adama, prof. Grzegorza Kerstena, z kt\u00f3rego inicjatywy powsta\u0142a Fundacja Kersten\u00f3w, upami\u0119tniaj\u0105ca \u017cycie i dorobek Krystyny i Adama Kersten\u00f3w i przyznaj\u0105ca stypendia m.in. doktorantom Instytutu Historii UMCS. Cieszymy si\u0119, \u017ce materia\u0142y gromadzone na stronie internetowej Fundacji okaza\u0142y si\u0119 przydatne przy powstawaniu tej ksi\u0105\u017cki.<br \/>\nKo\u0144cowe teksty, Mariana Chachaja i Wies\u0142awa Bondyry, s\u0105 po\u015bwi\u0119cone wybranym pozycjom z dorobku naukowego Adama Kerstena. Rozwa\u017cy\u0142yby\u015bmy jedynie zamian\u0119 ich miejscami \u2013 tak by om\u00f3wienie sylwetki Hieronima Radziejowskiego, bohatera ostatniego opus magnum Adama Kerstena, wydanego ju\u017c po\u015bmiertnie, zamyka\u0142o tom.<br \/>\nPublikacja ta przybli\u017ca posta\u0107 jednego z najwybitniejszych znawc\u00f3w historii XVII stulecia, a tak\u017ce metodologa historii, kt\u00f3rego tw\u00f3rczo\u015b\u0107 naukowa mimo up\u0142ywu lat pozostaje w kanonie dorobku polskiej historiografii. Miejmy nadziej\u0119, \u017ce ksi\u0105\u017cka trafi do szerokiego kr\u0119gu czytelnik\u00f3w.<\/p>\n<p>Ksi\u0105\u017ck\u0119 mo\u017cna zdoby\u0107 po skontaktowaniu si\u0119 z sekretariatem Instytutu Historii UMCS i przekazaniu na subkonto IH UMCS nr 63 1140 1094 0000 2905 1600 1026 cegie\u0142ki o warto\u015bci 40 PLN <a href=\"https:\/\/www.umcs.pl\/pl\/aktualnosci,7595,ukazala-sie-ksiazka-o-prof-adamie-kerstenie,143684.chtm\">z dopiskiem \u201eWsparcie dzia\u0142alno\u015bci wydawniczej IH UMCS\u201d<\/a>.<br \/>\nInformujemy te\u017c o <a href=\"https:\/\/fundacja.kerstens.org\/promocja-ksiazki-profesor-adam-kersten-1930-1983-uczony-nauczyciel-czlowiek\/\">promocji<\/a> ksi\u0105\u017cki, kt\u00f3ra odby\u0142a si\u0119 24 kwietnia 2024 r.<\/p>\n","protected":false},"excerpt":{"rendered":"<p>Dawni studenci Instytutu Historii UMCS wyszli z godn\u0105 uznania inicjatyw\u0105, by w 40. rocznic\u0119 \u015bmierci prof. Adama Kerstena przypomnie\u0107 jego&hellip;<\/p>\n","protected":false},"author":4,"featured_media":0,"parent":0,"menu_order":0,"comment_status":"closed","ping_status":"closed","template":"","meta":{"footnotes":""},"class_list":["post-2228","page","type-page","status-publish","hentry"],"_links":{"self":[{"href":"https:\/\/fundacja.kerstens.org\/index.php\/wp-json\/wp\/v2\/pages\/2228","targetHints":{"allow":["GET"]}}],"collection":[{"href":"https:\/\/fundacja.kerstens.org\/index.php\/wp-json\/wp\/v2\/pages"}],"about":[{"href":"https:\/\/fundacja.kerstens.org\/index.php\/wp-json\/wp\/v2\/types\/page"}],"author":[{"embeddable":true,"href":"https:\/\/fundacja.kerstens.org\/index.php\/wp-json\/wp\/v2\/users\/4"}],"replies":[{"embeddable":true,"href":"https:\/\/fundacja.kerstens.org\/index.php\/wp-json\/wp\/v2\/comments?post=2228"}],"version-history":[{"count":6,"href":"https:\/\/fundacja.kerstens.org\/index.php\/wp-json\/wp\/v2\/pages\/2228\/revisions"}],"predecessor-version":[{"id":2280,"href":"https:\/\/fundacja.kerstens.org\/index.php\/wp-json\/wp\/v2\/pages\/2228\/revisions\/2280"}],"wp:attachment":[{"href":"https:\/\/fundacja.kerstens.org\/index.php\/wp-json\/wp\/v2\/media?parent=2228"}],"curies":[{"name":"wp","href":"https:\/\/api.w.org\/{rel}","templated":true}]}}

Profesor Adam Kersten 1930–1983. Uczony, nauczyciel, człowiek

<p><img loading="lazy" decoding="async" src="https://fundacja.kerstens.org/wp-content/uploads/2024/02/Profesor-Adam-Kersten_okladka-208x300.jpg" alt="" width="208" height="300" class="alignleft size-medium wp-image-2226" srcset="https://fundacja.kerstens.org/wp-content/uploads/2024/02/Profesor-Adam-Kersten_okladka-208x300.jpg 208w, https://fundacja.kerstens.org/wp-content/uploads/2024/02/Profesor-Adam-Kersten_okladka-708x1024.jpg 708w, https://fundacja.kerstens.org/wp-content/uploads/2024/02/Profesor-Adam-Kersten_okladka.jpg 768w" sizes="auto, (max-width: 208px) 100vw, 208px" />Dawni studenci Instytutu Historii UMCS wyszli z godną uznania inicjatywą, by w 40. rocznicę śmierci prof. Adama Kerstena przypomnieć jego sylwetkę w odrębnej publikacji. W 2023 r. nakładem Towarzystwa Nauki i Kultury „Libra” ukazała się książka wspomnieniowa <em>Profesor Adam Kersten 1930–1983. Uczony, nauczyciel, człowiek</em>, pod redakcją Dariusza Kupisza. Artykuły tam zamieszczone świadczą o tym, że dawni podopieczni i koledzy wciąż o nim pamiętają i doceniają jego wkład w rozwój uczelni. Na tom składa się dziesięć tekstów, dowodzących, że Profesor związany z UMCS przez ponad ćwierćwiecze odcisnął wyraźny ślad na życiu uczelni, cenne jest więc przybliżenie jego postaci także osobom, które nie zdążyły go poznać. </p>
<p>Dwa artykuły, Adama Andrzeja Witusika i Jana Olaszka, mają charakter biogramów, przy czym pierwszy skupia się na dorobku naukowym Kerstena, a drugi na jego aktywności w sferze publicznej, solidnie ją dokumentując. Dzięki ich przedrukowi w tomie znajdują się najważniejsze informacje na jego temat i nie trzeba po nie sięgać do trudno dostępnych publikacji.<br />
Szczególną wartość mają wspomnienia, tak osobistych zapisków nie znajdziemy bowiem w oficjalnych tekstach biograficznych. Akademia przez stulecia opierała się na bezpośredniej relacji mistrza i ucznia, wyraźnie można to dostrzec w tekstach dawnych doktorantów i studentów Adama Kerstena, Z artykułów Wiesława Śladkowskiego, Józefa Dudy, Witolda Kłaczewskiego i Ewy Sędzimierz wyłania się obraz historyka i nauczyciela wywierającego ogromny wpływ na swoich podopiecznych, z pasją kształtującego ich warsztat badawczy i otaczającego troską zarówno w ich karierze naukowej, jak i zwyczajnie w życiu codziennym. Edward Alfred Mierzwa okrasił jeszcze te wspomnienia garścią anegdot, dzięki którym Adam Kersten staje przed oczami jak żywy – ze swoimi nawykami, pełnym zaangażowaniem, sarkazmem i lekką wadą wymowy, która nie przeszkadzała mu w elokwentnych wypowiedziach wygłaszanych z dużym żarem. Wszyscy autorzy podkreślają z jednej strony wybitne walory intelektualne i bogaty dorobek merytoryczny Adama Kerstena, dzięki czemu sami się rozwijali na uczelni, z drugiej zaś jego poczucie odpowiedzialności za młodych ludzi będących jego wychowankami i troskliwą opiekę, jaką ich otaczał.<br />
Henryk Gmiterek przybliżył sylwetkę syna Adama, prof. Grzegorza Kerstena, z którego inicjatywy powstała Fundacja Kerstenów, upamiętniająca życie i dorobek Krystyny i Adama Kerstenów i przyznająca stypendia m.in. doktorantom Instytutu Historii UMCS. Cieszymy się, że materiały gromadzone na stronie internetowej Fundacji okazały się przydatne przy powstawaniu tej książki.<br />
Końcowe teksty, Mariana Chachaja i Wiesława Bondyry, są poświęcone wybranym pozycjom z dorobku naukowego Adama Kerstena. Rozważyłybyśmy jedynie zamianę ich miejscami – tak by omówienie sylwetki Hieronima Radziejowskiego, bohatera ostatniego opus magnum Adama Kerstena, wydanego już pośmiertnie, zamykało tom.<br />
Publikacja ta przybliża postać jednego z najwybitniejszych znawców historii XVII stulecia, a także metodologa historii, którego twórczość naukowa mimo upływu lat pozostaje w kanonie dorobku polskiej historiografii. Miejmy nadzieję, że książka trafi do szerokiego kręgu czytelników.</p>
<p>Książkę można zdobyć po skontaktowaniu się z sekretariatem Instytutu Historii UMCS i przekazaniu na subkonto IH UMCS nr 63 1140 1094 0000 2905 1600 1026 cegiełki o wartości 40 PLN <a href="https://www.umcs.pl/pl/aktualnosci,7595,ukazala-sie-ksiazka-o-prof-adamie-kerstenie,143684.chtm">z dopiskiem „Wsparcie działalności wydawniczej IH UMCS”</a>.<br />
Informujemy też o <a href="https://fundacja.kerstens.org/promocja-ksiazki-profesor-adam-kersten-1930-1983-uczony-nauczyciel-czlowiek/">promocji</a> książki, która odbyła się 24 kwietnia 2024 r.</p>

<p>Dawni studenci Instytutu Historii UMCS wyszli z godną uznania inicjatywą, by w 40. rocznicę śmierci prof. Adama Kerstena przypomnieć jego&hellip;</p>
