{"id":2267,"date":"2024-04-26T11:21:45","date_gmt":"2024-04-26T10:21:45","guid":{"rendered":"https:\/\/fundacja.kerstens.org\/index.php\/?page_id=2267"},"modified":"2024-04-28T18:12:26","modified_gmt":"2024-04-28T17:12:26","slug":"promocja-ksiazki-profesor-adam-kersten-1930-1983-uczony-nauczyciel-czlowiek","status":"publish","type":"page","link":"https:\/\/fundacja.kerstens.org\/index.php\/promocja-ksiazki-profesor-adam-kersten-1930-1983-uczony-nauczyciel-czlowiek\/","title":{"rendered":"Promocja ksi\u0105\u017cki \u201cProfesor Adam Kersten 1930\u20131983. Uczony, nauczyciel, cz\u0142owiek\u201d"},"content":{"rendered":"<p><img loading=\"lazy\" decoding=\"async\" src=\"https:\/\/fundacja.kerstens.org\/wp-content\/uploads\/2024\/04\/promocja_widok-ogolny_IMG-20240424-WA0004-1024x495.jpg\" alt=\"\" width=\"688\" height=\"333\" class=\"aligncenter size-large wp-image-2268\" srcset=\"https:\/\/fundacja.kerstens.org\/wp-content\/uploads\/2024\/04\/promocja_widok-ogolny_IMG-20240424-WA0004-1024x495.jpg 1024w, https:\/\/fundacja.kerstens.org\/wp-content\/uploads\/2024\/04\/promocja_widok-ogolny_IMG-20240424-WA0004-300x145.jpg 300w, https:\/\/fundacja.kerstens.org\/wp-content\/uploads\/2024\/04\/promocja_widok-ogolny_IMG-20240424-WA0004-768x371.jpg 768w, https:\/\/fundacja.kerstens.org\/wp-content\/uploads\/2024\/04\/promocja_widok-ogolny_IMG-20240424-WA0004-1536x742.jpg 1536w, https:\/\/fundacja.kerstens.org\/wp-content\/uploads\/2024\/04\/promocja_widok-ogolny_IMG-20240424-WA0004-1600x773.jpg 1600w, https:\/\/fundacja.kerstens.org\/wp-content\/uploads\/2024\/04\/promocja_widok-ogolny_IMG-20240424-WA0004.jpg 1913w\" sizes=\"auto, (max-width: 688px) 100vw, 688px\" \/><br \/>\n24 kwietnia 2024 r., dwa dni przed 94. rocznic\u0105 urodzin Adama Kerstena, w Instytucie Historii Uniwersytetu Marii Curie-Sk\u0142odowskiej odby\u0142a si\u0119 promocja po\u015bwi\u0119conej mu ksi\u0105\u017cki wspomnieniowej <a href=\"https:\/\/fundacja.kerstens.org\/profesor-adam-kersten-1930-1983-uczony-nauczyciel-czlowiek\/\">\u201cProfesor Adam Kersten 1930\u20131983. Uczony, nauczyciel, cz\u0142owiek\u201d<\/a>. <img loading=\"lazy\" decoding=\"async\" src=\"https:\/\/fundacja.kerstens.org\/wp-content\/uploads\/2024\/04\/Kupisz_Slapek-220x300.jpg\" alt=\"\" width=\"220\" height=\"300\" class=\"alignleft size-medium wp-image-2274\" srcset=\"https:\/\/fundacja.kerstens.org\/wp-content\/uploads\/2024\/04\/Kupisz_Slapek-220x300.jpg 220w, https:\/\/fundacja.kerstens.org\/wp-content\/uploads\/2024\/04\/Kupisz_Slapek-751x1024.jpg 751w, https:\/\/fundacja.kerstens.org\/wp-content\/uploads\/2024\/04\/Kupisz_Slapek-768x1048.jpg 768w, https:\/\/fundacja.kerstens.org\/wp-content\/uploads\/2024\/04\/Kupisz_Slapek-1126x1536.jpg 1126w, https:\/\/fundacja.kerstens.org\/wp-content\/uploads\/2024\/04\/Kupisz_Slapek.jpg 1192w\" sizes=\"auto, (max-width: 220px) 100vw, 220px\" \/>Promocj\u0119 prowadzili dyrektor Instytutu prof. Dariusz S\u0142apek (na zdj\u0119ciu z prawej) i redaktor naukowy tomu prof. Dariusz Kupisz. <\/p>\n<p>W spotkaniu w\u015br\u00f3d publiczno\u015bci najwa\u017cniejsze miejsce przypad\u0142o wsp\u00f3\u0142autorom ksi\u0105\u017cki. Wspominali jej bohatera, podkre\u015blaj\u0105c jego trosk\u0119 o student\u00f3w i doktorant\u00f3w, wspieranie ich rozwoju naukowego, a tak\u017ce wyrazist\u0105 osobowo\u015b\u0107, kt\u00f3ra odcisn\u0119\u0142a widoczny \u015blad na ich \u017cyciu. Zwracali uwag\u0119 na nowoczesny warsztat badawczy, jakiego ich uczy\u0142 \u2013 napomina\u0142, by nie stali si\u0119 przepisywaczami, streszczaj\u0105cymi jedynie analizowane \u017ar\u00f3d\u0142a, bez ich rzetelnej krytyki. Przytoczyli r\u00f3wnie\u017c gar\u015b\u0107 anegdot, dzi\u0119ki czemu za pomnikow\u0105 postaci\u0105 mo\u017cna by\u0142o dostrzec \u017cywego cz\u0142owieka \u2013 z nieod\u0142\u0105czn\u0105 fajk\u0105, \u0142atwo przechodz\u0105cego z wychowankami na ty, amatora motoryzacji (rozbijaj\u0105cego kolejne samochody), s\u0142abego gracza w karty (bo nie umia\u0142 zachowa\u0107 pokerowej twarzy), przepojonego sarkastycznym  poczuciem humoru, \u017cyj\u0105cego pe\u0142ni\u0105 \u017cycia. <\/p>\n<p><img loading=\"lazy\" decoding=\"async\" src=\"https:\/\/fundacja.kerstens.org\/wp-content\/uploads\/2024\/04\/Szczygiel_Sedzimierz-1024x600.jpg\" alt=\"\" width=\"688\" height=\"403\" class=\"aligncenter size-large wp-image-2270\" srcset=\"https:\/\/fundacja.kerstens.org\/wp-content\/uploads\/2024\/04\/Szczygiel_Sedzimierz-1024x600.jpg 1024w, https:\/\/fundacja.kerstens.org\/wp-content\/uploads\/2024\/04\/Szczygiel_Sedzimierz-300x176.jpg 300w, https:\/\/fundacja.kerstens.org\/wp-content\/uploads\/2024\/04\/Szczygiel_Sedzimierz-768x450.jpg 768w, https:\/\/fundacja.kerstens.org\/wp-content\/uploads\/2024\/04\/Szczygiel_Sedzimierz-1536x899.jpg 1536w, https:\/\/fundacja.kerstens.org\/wp-content\/uploads\/2024\/04\/Szczygiel_Sedzimierz-1600x937.jpg 1600w, https:\/\/fundacja.kerstens.org\/wp-content\/uploads\/2024\/04\/Szczygiel_Sedzimierz.jpg 2048w\" sizes=\"auto, (max-width: 688px) 100vw, 688px\" \/><em>Inicjatorka tomu wspomnie\u0144 dr Ewa S\u0119dzimierz i prof. Ryszard Szczygie\u0142<em><\/p>\n<p><img loading=\"lazy\" decoding=\"async\" src=\"https:\/\/fundacja.kerstens.org\/wp-content\/uploads\/2024\/04\/Mierzwa_Duda_IMG-20240424-WA0002-1024x666.jpg\" alt=\"\" width=\"688\" height=\"447\" class=\"aligncenter size-large wp-image-2271\" srcset=\"https:\/\/fundacja.kerstens.org\/wp-content\/uploads\/2024\/04\/Mierzwa_Duda_IMG-20240424-WA0002-1024x666.jpg 1024w, https:\/\/fundacja.kerstens.org\/wp-content\/uploads\/2024\/04\/Mierzwa_Duda_IMG-20240424-WA0002-300x195.jpg 300w, https:\/\/fundacja.kerstens.org\/wp-content\/uploads\/2024\/04\/Mierzwa_Duda_IMG-20240424-WA0002-768x499.jpg 768w, https:\/\/fundacja.kerstens.org\/wp-content\/uploads\/2024\/04\/Mierzwa_Duda_IMG-20240424-WA0002.jpg 1275w\" sizes=\"auto, (max-width: 688px) 100vw, 688px\" \/><br \/>\n<\/em>Od lewej na pierwszym planie prof. Edward A. Mierzwa i dr J\u00f3zef Duda<\/em> <\/p>\n<p>Na promocji zosta\u0142 odczytany list prezeski naszej Fundacji Ma\u0142gorzaty Kersten, kt\u00f3ra pisa\u0142a mi\u0119dzy innymi: \u201eGodna podkre\u015blenia jest troska Pa\u0144stwa, by kultywowa\u0107 pami\u0119\u0107 o jednym z licznego grona naukowc\u00f3w zwi\u0105zanych z IH UMCS. Z tego wzgl\u0119du m\u00f3j m\u0105\u017c Grzegorz bardzo sobie ceni\u0142 wsp\u00f3\u0142prac\u0119 z Pa\u0144stwem, pocz\u0105wszy od nawi\u0105zania kontaktu z prof. Henrykiem Gmiterkiem. By\u0142 pe\u0142en uznania, \u017ce w IH UMCS jest tyle namacalnych \u015blad\u00f3w obecno\u015bci jego ojca. Zawsze te\u017c ze wzruszeniem przyjmowa\u0142 zaanga\u017cowanie kolejnych os\u00f3b zar\u00f3wno w proces wy\u0142aniania laureat\u00f3w konkursu stypendialnego im. Adama Kerstena, jak i inne formy upami\u0119tniania naszego Patrona\u201d.<\/p>\n<p>Spotkanie pokaza\u0142o, \u017ce Adam Kersten na UMCS pozostaje w \u017cywej pami\u0119ci. Z pewno\u015bci\u0105 te\u017c warto dr\u0105\u017cy\u0107 r\u00f3\u017cne w\u0105tki z jego \u017cyciorysu i dorobku, cho\u0107by dokonania metodologiczne \u2013 by\u0107 mo\u017ce wi\u0119c doczekamy si\u0119 drugiego po\u015bwi\u0119conego mu tomu.<\/p>\n","protected":false},"excerpt":{"rendered":"<p>24 kwietnia 2024 r., dwa dni przed 94. rocznic\u0105 urodzin Adama Kerstena, w Instytucie Historii Uniwersytetu Marii Curie-Sk\u0142odowskiej odby\u0142a si\u0119&hellip;<\/p>\n","protected":false},"author":4,"featured_media":0,"parent":0,"menu_order":0,"comment_status":"closed","ping_status":"closed","template":"","meta":{"footnotes":""},"class_list":["post-2267","page","type-page","status-publish","hentry"],"_links":{"self":[{"href":"https:\/\/fundacja.kerstens.org\/index.php\/wp-json\/wp\/v2\/pages\/2267","targetHints":{"allow":["GET"]}}],"collection":[{"href":"https:\/\/fundacja.kerstens.org\/index.php\/wp-json\/wp\/v2\/pages"}],"about":[{"href":"https:\/\/fundacja.kerstens.org\/index.php\/wp-json\/wp\/v2\/types\/page"}],"author":[{"embeddable":true,"href":"https:\/\/fundacja.kerstens.org\/index.php\/wp-json\/wp\/v2\/users\/4"}],"replies":[{"embeddable":true,"href":"https:\/\/fundacja.kerstens.org\/index.php\/wp-json\/wp\/v2\/comments?post=2267"}],"version-history":[{"count":8,"href":"https:\/\/fundacja.kerstens.org\/index.php\/wp-json\/wp\/v2\/pages\/2267\/revisions"}],"predecessor-version":[{"id":2282,"href":"https:\/\/fundacja.kerstens.org\/index.php\/wp-json\/wp\/v2\/pages\/2267\/revisions\/2282"}],"wp:attachment":[{"href":"https:\/\/fundacja.kerstens.org\/index.php\/wp-json\/wp\/v2\/media?parent=2267"}],"curies":[{"name":"wp","href":"https:\/\/api.w.org\/{rel}","templated":true}]}}

Promocja książki “Profesor Adam Kersten 1930–1983. Uczony, nauczyciel, człowiek”

<p><img loading="lazy" decoding="async" src="https://fundacja.kerstens.org/wp-content/uploads/2024/04/promocja_widok-ogolny_IMG-20240424-WA0004-1024x495.jpg" alt="" width="688" height="333" class="aligncenter size-large wp-image-2268" srcset="https://fundacja.kerstens.org/wp-content/uploads/2024/04/promocja_widok-ogolny_IMG-20240424-WA0004-1024x495.jpg 1024w, https://fundacja.kerstens.org/wp-content/uploads/2024/04/promocja_widok-ogolny_IMG-20240424-WA0004-300x145.jpg 300w, https://fundacja.kerstens.org/wp-content/uploads/2024/04/promocja_widok-ogolny_IMG-20240424-WA0004-768x371.jpg 768w, https://fundacja.kerstens.org/wp-content/uploads/2024/04/promocja_widok-ogolny_IMG-20240424-WA0004-1536x742.jpg 1536w, https://fundacja.kerstens.org/wp-content/uploads/2024/04/promocja_widok-ogolny_IMG-20240424-WA0004-1600x773.jpg 1600w, https://fundacja.kerstens.org/wp-content/uploads/2024/04/promocja_widok-ogolny_IMG-20240424-WA0004.jpg 1913w" sizes="auto, (max-width: 688px) 100vw, 688px" /><br />
24 kwietnia 2024 r., dwa dni przed 94. rocznicą urodzin Adama Kerstena, w Instytucie Historii Uniwersytetu Marii Curie-Skłodowskiej odbyła się promocja poświęconej mu książki wspomnieniowej <a href="https://fundacja.kerstens.org/profesor-adam-kersten-1930-1983-uczony-nauczyciel-czlowiek/">“Profesor Adam Kersten 1930–1983. Uczony, nauczyciel, człowiek”</a>. <img loading="lazy" decoding="async" src="https://fundacja.kerstens.org/wp-content/uploads/2024/04/Kupisz_Slapek-220x300.jpg" alt="" width="220" height="300" class="alignleft size-medium wp-image-2274" srcset="https://fundacja.kerstens.org/wp-content/uploads/2024/04/Kupisz_Slapek-220x300.jpg 220w, https://fundacja.kerstens.org/wp-content/uploads/2024/04/Kupisz_Slapek-751x1024.jpg 751w, https://fundacja.kerstens.org/wp-content/uploads/2024/04/Kupisz_Slapek-768x1048.jpg 768w, https://fundacja.kerstens.org/wp-content/uploads/2024/04/Kupisz_Slapek-1126x1536.jpg 1126w, https://fundacja.kerstens.org/wp-content/uploads/2024/04/Kupisz_Slapek.jpg 1192w" sizes="auto, (max-width: 220px) 100vw, 220px" />Promocję prowadzili dyrektor Instytutu prof. Dariusz Słapek (na zdjęciu z prawej) i redaktor naukowy tomu prof. Dariusz Kupisz. </p>
<p>W spotkaniu wśród publiczności najważniejsze miejsce przypadło współautorom książki. Wspominali jej bohatera, podkreślając jego troskę o studentów i doktorantów, wspieranie ich rozwoju naukowego, a także wyrazistą osobowość, która odcisnęła widoczny ślad na ich życiu. Zwracali uwagę na nowoczesny warsztat badawczy, jakiego ich uczył – napominał, by nie stali się przepisywaczami, streszczającymi jedynie analizowane źródła, bez ich rzetelnej krytyki. Przytoczyli również garść anegdot, dzięki czemu za pomnikową postacią można było dostrzec żywego człowieka – z nieodłączną fajką, łatwo przechodzącego z wychowankami na ty, amatora motoryzacji (rozbijającego kolejne samochody), słabego gracza w karty (bo nie umiał zachować pokerowej twarzy), przepojonego sarkastycznym  poczuciem humoru, żyjącego pełnią życia. </p>
<p><img loading="lazy" decoding="async" src="https://fundacja.kerstens.org/wp-content/uploads/2024/04/Szczygiel_Sedzimierz-1024x600.jpg" alt="" width="688" height="403" class="aligncenter size-large wp-image-2270" srcset="https://fundacja.kerstens.org/wp-content/uploads/2024/04/Szczygiel_Sedzimierz-1024x600.jpg 1024w, https://fundacja.kerstens.org/wp-content/uploads/2024/04/Szczygiel_Sedzimierz-300x176.jpg 300w, https://fundacja.kerstens.org/wp-content/uploads/2024/04/Szczygiel_Sedzimierz-768x450.jpg 768w, https://fundacja.kerstens.org/wp-content/uploads/2024/04/Szczygiel_Sedzimierz-1536x899.jpg 1536w, https://fundacja.kerstens.org/wp-content/uploads/2024/04/Szczygiel_Sedzimierz-1600x937.jpg 1600w, https://fundacja.kerstens.org/wp-content/uploads/2024/04/Szczygiel_Sedzimierz.jpg 2048w" sizes="auto, (max-width: 688px) 100vw, 688px" /><em>Inicjatorka tomu wspomnień dr Ewa Sędzimierz i prof. Ryszard Szczygieł<em></p>
<p><img loading="lazy" decoding="async" src="https://fundacja.kerstens.org/wp-content/uploads/2024/04/Mierzwa_Duda_IMG-20240424-WA0002-1024x666.jpg" alt="" width="688" height="447" class="aligncenter size-large wp-image-2271" srcset="https://fundacja.kerstens.org/wp-content/uploads/2024/04/Mierzwa_Duda_IMG-20240424-WA0002-1024x666.jpg 1024w, https://fundacja.kerstens.org/wp-content/uploads/2024/04/Mierzwa_Duda_IMG-20240424-WA0002-300x195.jpg 300w, https://fundacja.kerstens.org/wp-content/uploads/2024/04/Mierzwa_Duda_IMG-20240424-WA0002-768x499.jpg 768w, https://fundacja.kerstens.org/wp-content/uploads/2024/04/Mierzwa_Duda_IMG-20240424-WA0002.jpg 1275w" sizes="auto, (max-width: 688px) 100vw, 688px" /><br />
</em>Od lewej na pierwszym planie prof. Edward A. Mierzwa i dr Józef Duda</em> </p>
<p>Na promocji został odczytany list prezeski naszej Fundacji Małgorzaty Kersten, która pisała między innymi: „Godna podkreślenia jest troska Państwa, by kultywować pamięć o jednym z licznego grona naukowców związanych z IH UMCS. Z tego względu mój mąż Grzegorz bardzo sobie cenił współpracę z Państwem, począwszy od nawiązania kontaktu z prof. Henrykiem Gmiterkiem. Był pełen uznania, że w IH UMCS jest tyle namacalnych śladów obecności jego ojca. Zawsze też ze wzruszeniem przyjmował zaangażowanie kolejnych osób zarówno w proces wyłaniania laureatów konkursu stypendialnego im. Adama Kerstena, jak i inne formy upamiętniania naszego Patrona”.</p>
<p>Spotkanie pokazało, że Adam Kersten na UMCS pozostaje w żywej pamięci. Z pewnością też warto drążyć różne wątki z jego życiorysu i dorobku, choćby dokonania metodologiczne – być może więc doczekamy się drugiego poświęconego mu tomu.</p>

<p>24 kwietnia 2024 r., dwa dni przed 94. rocznicą urodzin Adama Kerstena, w Instytucie Historii Uniwersytetu Marii Curie-Skłodowskiej odbyła się&hellip;</p>
