{"id":254,"date":"2020-07-18T08:09:13","date_gmt":"2020-07-18T07:09:13","guid":{"rendered":"https:\/\/fundacja.kerstens.org\/index.php\/?page_id=254"},"modified":"2020-07-18T17:42:56","modified_gmt":"2020-07-18T16:42:56","slug":"dr-michal-przeperski","status":"publish","type":"page","link":"https:\/\/fundacja.kerstens.org\/index.php\/dr-michal-przeperski\/","title":{"rendered":"Dr Micha\u0142 Przeperski"},"content":{"rendered":"\t\t\t<!-- Flexy Breadcrumb -->\r\n\t\t\t<div class=\"fbc fbc-page\">\r\n\r\n\t\t\t\t<!-- Breadcrumb wrapper -->\r\n\t\t\t\t<div class=\"fbc-wrap\">\r\n\r\n\t\t\t\t\t<!-- Ordered list-->\r\n\t\t\t\t\t<ol class=\"fbc-items\" itemscope itemtype=\"https:\/\/schema.org\/BreadcrumbList\">\r\n\t\t\t\t\t\t            <li itemprop=\"itemListElement\" itemscope itemtype=\"https:\/\/schema.org\/ListItem\">\r\n                <span itemprop=\"name\">\r\n                    <!-- Home Link -->\r\n                    <a itemprop=\"item\" href=\"https:\/\/fundacja.kerstens.org\/index.php\">\r\n                    \r\n                                                    <i class=\"fa fa-home\" aria-hidden=\"true\"><\/i>Home                    <\/a>\r\n                <\/span>\r\n                <meta itemprop=\"position\" content=\"1\" \/><!-- Meta Position-->\r\n             <\/li><li><span class=\"fbc-separator\">\/<\/span><\/li><li class=\"active\" itemprop=\"itemListElement\" itemscope itemtype=\"https:\/\/schema.org\/ListItem\"><span itemprop=\"name\" title=\"Wiadomo\u015bci\">Wiadomo\u015bci<\/span><meta itemprop=\"position\" content=\"2\" \/><\/li>\t\t\t\t\t<\/ol>\r\n\t\t\t\t\t<div class=\"clearfix\"><\/div>\r\n\t\t\t\t<\/div>\r\n\t\t\t<\/div>\r\n\t\t\t\n<h2>Stypendysta Fundacji 2015-2016<\/h2>\n<p style=\"margin-bottom: 0px; padding-left: 40px;\"><em>20 listopada 2018 r. w Instytucie Historii im. Tadeusza Manteuffla Polskiej Akademii Nauk w Warszawie Micha\u0142 Przeperski obroni\u0142 z wyr\u00f3\u017cnieniem prac\u0119 doktorsk\u0105 pt. &#8220;Mieczys\u0142aw F. Rakowski. Zarys biografii politycznej&#8221;. Promotorem pracy by\u0142 prof. dr hab. Jerzy Eisler, a recenzentami byli prof. dr hab. Antoni Dudek i prof. dr hab. Andrzej Friszke<\/em><\/p>\n<p style=\"text-align: right;\"><small style=\"font-family: 'Comic Sans MS'; color: #002090;\"><em>Panu Doktorowi serdecznie gratulujemy!<\/em><\/small><\/p>\n<h5>Rozprawa doktorska: Mieczys\u0142aw F. Rakowski. Zarys biografii politycznej<\/h5>\n<p><strong>Streszczenie<\/strong><br \/>\nPrzygotowana przeze mnie praca stanowi pr\u00f3b\u0119 wszechstronnego przedstawienia biografii politycznej Mieczys\u0142awa Franciszka Rakowskiego, ostatniego I sekretarza KC PZPR (1989\u20141990), a tak\u017ce premiera (1988\u20141989), wicepremiera (1981\u20141985), wicemarsza\u0142ka Sejmu PRL (1985\u20141988) oraz wieloletniego redaktora naczelnego tygodnika \u201ePolityka\u201d (1958\u20141982). Jej podstaw\u0119 stanowi\u0105 szerokie kwerendy archiwalne, prasowe i w literaturze przedmiotu. W jej trakcie wykorzysta\u0142em wiele nieznanych dokument\u00f3w, rozmawia\u0142em r\u00f3wnie\u017c z licznym gronem dawnych wsp\u00f3\u0142pracownik\u00f3w bohatera mojej dysertacji.<\/p>\n<p>Kariera polityczna Rakowskiego trwa\u0142a niemal p\u00f3\u0142 wieku. By\u0142 oficerem politycznym Wojska Polskiego, pracownikiem aparatu partyjnego, studentem elitarnej szko\u0142y partyjnej. W ko\u0144cu lat pi\u0119\u0107dziesi\u0105tych XX wieku obj\u0105\u0142 funkcj\u0119 redaktora naczelnego tygodnika \u201ePolityka\u201d, by w latach osiemdziesi\u0105tych znale\u017a\u0107 si\u0119 na szczytach w\u0142adzy. Doczeka\u0142 si\u0119 opinii komunistycznego reformatora, zr\u0119cznego gracza politycznego, a jednocze\u015bnie \u2013 wierz\u0105cego komunisty. Jego \u017cyciorys stanowi interesuj\u0105ce studium przypadku awansu spo\u0142ecznego: pochodz\u0105cy ze wsi, sta\u0142 si\u0119 cz\u0142onkiem warszawskich kr\u0119g\u00f3w kulturalnych i artystycznych. Jednocze\u015bnie pozostawa\u0142 znakomicie ustosunkowany w elicie politycznej PZPR. Pozwoli\u0142o mu to odgrywa\u0107 nietypow\u0105 rol\u0119 \u0142\u0105cznika pomi\u0119dzy \u015brodowiskami, kt\u00f3re mia\u0142y ze sob\u0105 niewiele punkt\u00f3w stycznych. Analiza ewolucji obyczajowej, kt\u00f3ra przek\u0142ada\u0142a si\u0119 na karier\u0119 polityczn\u0105 Rakowskiego, stanowi jedn\u0105 z osi rozprawy.<\/p>\n<p>Drug\u0105 o\u015b stanowi szczeg\u00f3\u0142owa rekonstrukcja zakulisowego \u017cycia partyjnego, kt\u00f3rego Rakowski by\u0142 aktywnym uczestnikiem. Dzi\u0119ki jego obszernym dziennikom, kt\u00f3rych oryginaln\u0105 wersj\u0119 jako pierwszy mia\u0142em okazj\u0119 skrupulatnie zbada\u0107, mo\u017cna odtworzy\u0107 klimat obyczajowy i szczeg\u00f3\u0142y politycznych walk frakcyjnych w \u0142onie PZPR. W swoich analizach po\u0142o\u017cy\u0142em nacisk na odtworzenie sposob\u00f3w my\u015blenia i dzia\u0142ania uczestnik\u00f3w tych walk. Rakowski prezentowa\u0142 w nich stanowisko konsekwentnie sprzyjaj\u0105ce reformom, ale szczeg\u00f3\u0142owe rozwi\u0105zania, jakie postulowa\u0142 na \u0142amach prasy czy w poufnych rozmowach z cz\u0142onkami kierownictwa, ewoluowa\u0142y.<\/p>\n<p>Trzecim problemem badawczym, najszerzej eksplorowanym w ostatnich rozdzia\u0142ach pracy, jest praktyka sprawowania w\u0142adzy w warunkach pog\u0142\u0119biaj\u0105cego si\u0119 kryzysu legitymizacyjnego. Rakowski, przez wiele lat uznawany za swego rodzaju partyjnego libera\u0142a, piastuj\u0105c stanowiska wicepremiera i premiera rz\u0105du PRL, by\u0142 zmuszony realizowa\u0107 stosunkowo tward\u0105, autokratyczn\u0105 polityk\u0119. Przek\u0142ada\u0142o si\u0119 to na relatywny wzrost jego pozycji wewn\u0105trz komunistycznej elity, lecz skutkowa\u0142o zarazem odrzuceniem przez sprzyjaj\u0105ce mu do niedawna kr\u0119gi intelektualne. Ten fenomen pozwala podj\u0105\u0107 szersze rozwa\u017cania na temat mechanizm\u00f3w w\u0142adzy, a tak\u017ce \u015bledzi\u0107 konsekwencje, jakie decyzje polityczne nios\u0105 ze sob\u0105 dla los\u00f3w jednostki.<\/p>\n<p>Tym, co spaja problemy badawcze, kt\u00f3re uzna\u0142em za kluczowe w swojej pracy, jest namys\u0142 nad rol\u0105 jednostki w nowoczesnej polityce i popl\u0105tanymi drogami kariery politycznej. Poszukuj\u0105c odpowiedzi na pytanie, jak\u0105 rol\u0119 Rakowski odgrywa\u0142 w \u017cyciu politycznym PRL, bior\u0119 pod uwag\u0119 nie tylko jego pogl\u0105dy, lecz tak\u017ce cechy charakteru, kt\u00f3re w krytycznych momentach bra\u0142y g\u00f3r\u0119 nad ch\u0142odn\u0105 kalkulacj\u0105. Sympatie i antypatie czy reakcje emocjonalne potrafi\u0142y nierzadko prze\u0142o\u017cy\u0107 si\u0119 na nieprzemy\u015blane decyzje. Mo\u017cna je obserwowa\u0107 zar\u00f3wno w sferze propagandy, jak i polityki gospodarczej, gdy\u017c dramatycznie spot\u0119gowa\u0142y kryzys, w jaki PRL popad\u0142a w ostatnich miesi\u0105cach istnienia.<\/p>\n<p>Istotne uzupe\u0142nienie generalnych rozwa\u017ca\u0144 stanowi\u0105 ustalenia szczeg\u00f3\u0142owe, poczynione na podstawie materia\u0142\u00f3w \u017ar\u00f3d\u0142owych niefunkcjonuj\u0105cych do tej pory w obiegu naukowym. Dotycz\u0105 one zw\u0142aszcza dziej\u00f3w polskiego dziennikarstwa, bada\u0144 nad obyczajowo\u015bci\u0105 elity komunistycznej, a tak\u017ce konflikt\u00f3w personalnych w \u015bcis\u0142ym kierownictwie PRL w latach osiemdziesi\u0105tych. Moja praca wype\u0142nia powa\u017cn\u0105 luk\u0119 badawcz\u0105 istniej\u0105c\u0105 w historiografii dziej\u00f3w najnowszych, przy czym nie ogranicza si\u0119 ona do historii politycznej. Uwzgl\u0119dnia r\u00f3wnie\u017c szersz\u0105 perspektyw\u0119, poniewa\u017c wykorzystywa\u0142em w badaniach kategorie socjologiczne i filozoficzne. Co wi\u0119cej, z uwagi na rozleg\u0142o\u015b\u0107 podj\u0119tej tematyki praca ta stwarza podstawy do podj\u0119cia bada\u0144 por\u00f3wnawczych z innymi krajami dawnego bloku komunistycznego.<\/p>\n","protected":false},"excerpt":{"rendered":"<p>Stypendysta Fundacji 2015-2016 20 listopada 2018 r. w Instytucie Historii im. Tadeusza Manteuffla Polskiej Akademii Nauk w Warszawie Micha\u0142 Przeperski&hellip;<\/p>\n","protected":false},"author":2,"featured_media":0,"parent":0,"menu_order":0,"comment_status":"closed","ping_status":"closed","template":"","meta":{"footnotes":""},"class_list":["post-254","page","type-page","status-publish","hentry"],"_links":{"self":[{"href":"https:\/\/fundacja.kerstens.org\/index.php\/wp-json\/wp\/v2\/pages\/254","targetHints":{"allow":["GET"]}}],"collection":[{"href":"https:\/\/fundacja.kerstens.org\/index.php\/wp-json\/wp\/v2\/pages"}],"about":[{"href":"https:\/\/fundacja.kerstens.org\/index.php\/wp-json\/wp\/v2\/types\/page"}],"author":[{"embeddable":true,"href":"https:\/\/fundacja.kerstens.org\/index.php\/wp-json\/wp\/v2\/users\/2"}],"replies":[{"embeddable":true,"href":"https:\/\/fundacja.kerstens.org\/index.php\/wp-json\/wp\/v2\/comments?post=254"}],"version-history":[{"count":16,"href":"https:\/\/fundacja.kerstens.org\/index.php\/wp-json\/wp\/v2\/pages\/254\/revisions"}],"predecessor-version":[{"id":333,"href":"https:\/\/fundacja.kerstens.org\/index.php\/wp-json\/wp\/v2\/pages\/254\/revisions\/333"}],"wp:attachment":[{"href":"https:\/\/fundacja.kerstens.org\/index.php\/wp-json\/wp\/v2\/media?parent=254"}],"curies":[{"name":"wp","href":"https:\/\/api.w.org\/{rel}","templated":true}]}}