{"id":409,"date":"2020-07-19T19:53:17","date_gmt":"2020-07-19T18:53:17","guid":{"rendered":"https:\/\/fundacja.kerstens.org\/index.php\/?page_id=409"},"modified":"2020-07-19T19:54:09","modified_gmt":"2020-07-19T18:54:09","slug":"2017-konkurs-o-stypendium-doktoranckie-im-adama-kerstena","status":"publish","type":"page","link":"https:\/\/fundacja.kerstens.org\/index.php\/2017-konkurs-o-stypendium-doktoranckie-im-adama-kerstena\/","title":{"rendered":"2017 Konkurs o stypendium doktoranckie im. Adama Kerstena"},"content":{"rendered":"\t\t\t<!-- Flexy Breadcrumb -->\r\n\t\t\t<div class=\"fbc fbc-page\">\r\n\r\n\t\t\t\t<!-- Breadcrumb wrapper -->\r\n\t\t\t\t<div class=\"fbc-wrap\">\r\n\r\n\t\t\t\t\t<!-- Ordered list-->\r\n\t\t\t\t\t<ol class=\"fbc-items\" itemscope itemtype=\"https:\/\/schema.org\/BreadcrumbList\">\r\n\t\t\t\t\t\t            <li itemprop=\"itemListElement\" itemscope itemtype=\"https:\/\/schema.org\/ListItem\">\r\n                <span itemprop=\"name\">\r\n                    <!-- Home Link -->\r\n                    <a itemprop=\"item\" href=\"https:\/\/fundacja.kerstens.org\/index.php\">\r\n                    \r\n                                                    <i class=\"fa fa-home\" aria-hidden=\"true\"><\/i>Home                    <\/a>\r\n                <\/span>\r\n                <meta itemprop=\"position\" content=\"1\" \/><!-- Meta Position-->\r\n             <\/li><li><span class=\"fbc-separator\">\/<\/span><\/li><li class=\"active\" itemprop=\"itemListElement\" itemscope itemtype=\"https:\/\/schema.org\/ListItem\"><span itemprop=\"name\" title=\"Wiadomo\u015bci\">Wiadomo\u015bci<\/span><meta itemprop=\"position\" content=\"2\" \/><\/li>\t\t\t\t\t<\/ol>\r\n\t\t\t\t\t<div class=\"clearfix\"><\/div>\r\n\t\t\t\t<\/div>\r\n\t\t\t<\/div>\r\n\t\t\t\n<h2>Laureat: Bartosz Star\u0119gowski<\/h2>\n<p><img loading=\"lazy\" decoding=\"async\" class=\"size-full wp-image-410 alignleft\" src=\"https:\/\/fundacja.kerstens.org\/wp-content\/uploads\/2020\/07\/180-Staregowski.jpg\" alt=\"\" width=\"180\" height=\"229\" \/> <strong>Bartosz Star\u0119gowski<\/strong> \u2014 \u2014 magister historii UMCS, absolwent studi\u00f3w podyplomowych z zakresu grafiki komputerowej i DTP w Instytucie Sztuk Pi\u0119knych UMCS. Doktorant w Instytucie Historii UMCS od 2014 r. Zainteresowania badawcze: bronioznawstwo, historia formacji wojskowych oraz system\u00f3w obronnych w XVI\u2014XVIII w. Od 2016 r. wsp\u00f3\u0142pracownik czasopisma \u201ewSieci Historii\u201d. Autor publikacji naukowych m.in. w \u201ePrzegl\u0105dzie Historyczno-Wojskowym\u201d, \u201eRoczniku Che\u0142mskim\u201d, \u201e\u015aredzkim Kwartalniku Kulturalnym\u201d, \u201eKo\u0142o Historii\u201d UMCS i almanachu historyczno-kulturalnym \u201e\u0424\u0440\u043e\u043d\u0442\u0438\u0440\u0438 \u043c\u0456\u0441\u0442\u0430\u201d. Autor wielu publikacji popularnonaukowych i internetowych m.in. w takich portalach i na stronach, jak Portal Historyczno-Wojskowy, Historia.org.pl, Nowa Strategia, Nasza Historia. Kurier Lubelski, Polska Zbrojna, Rycerstwo. Wieloletni cz\u0142onek i sekretarz Studenckiego Ko\u0142a Historyk\u00f3w Satyryk\u00f3w UMCS\/Kabaretu Sarmaci. Stypendysta rektora UMCS (2011\u20142012). Prac\u0119 doktorsk\u0105 przygotowuje pod kierunkiem <a href=\"http:\/\/www.umcs.pl\/pl\/addres-book-employee,1465,pl.html\">dr. hab. Dariusza Kupisza<\/a>, prof. UMCS.<br \/>\nOtrzyma\u0142 stypendium doktorskie im. Adama Kerstena w roku akademickim 2017\/2018.<\/p>\n<h5>Rozprawa doktorska przygotowywana przez Bartosza Star\u0119gowski<\/h5>\n<p><strong>Formacje zbrojne samorz\u0105du szlacheckiego wojew\u00f3dztw pozna\u0144skiego i kaliskiego w okresie panowania Jana Kazimierza (1648-1668).<\/strong><\/p>\n<p>Moje zainteresowania badawcze, wok\u00f3\u0142 kt\u00f3rych ogniskuje si\u0119 rozprawa doktorska, obejmuj\u0105 tematyk\u0119 z obszaru historii wojskowo\u015bci, a \u015bci\u015blej rzecz ujmuj\u0105c \u2014 wojskowo\u015bci samorz\u0105dowej, nadal do\u015b\u0107 s\u0142abo opracowanej. Praca ma na celu ukazanie, jak przebiega\u0142 proces organizowania, formowania, finansowania formacji zbrojnych, na kt\u00f3re wp\u0142yw mia\u0142 samorz\u0105d szlachecki, a tak\u017ce jak przedstawia\u0142 si\u0119 ich udzia\u0142 w konfliktach wojennych i jak wygl\u0105da\u0142y relacje mi\u0119dzy nimi.<\/p>\n<p>Zakres terytorialny dotyczy dw\u00f3ch wojew\u00f3dztw wielkopolskich \u2014 pozna\u0144skiego i kaliskiego, zwanych r\u00f3wnie\u017c Wielkopolsk\u0105 zachodni\u0105 lub centraln\u0105, maj\u0105cych wsp\u00f3lny sejmik w \u015arodzie. Cezury czasowe r\u00f3wnie\u017c zosta\u0142y wybrane nieprzypadkowo. Okres panowania Jana Kazimierza Wazy to czas nast\u0119puj\u0105cych po sobie konflikt\u00f3w zbrojnych oraz podejmowania licznych pr\u00f3b zreformowania wojska, zar\u00f3wno tego na szczeblu centralnym, jak i samorz\u0105dowym. Zorganizowano w\u00f3wczas kilka wypraw pospolitego ruszenia, wypraw \u0142anowych, a tak\u017ce wystawiono bardzo liczne wojska powiatowe, kt\u00f3re najcz\u0119\u015bciej s\u0142u\u017cy\u0142y jako wsparcie armii pa\u0144stwowej. Istot\u0105 moich bada\u0144 jest przeanalizowanie wszystkich sytuacji, gdy sejmik \u015bredzki partycypowa\u0142 w tworzeniu wojsk, a nast\u0119pnie ukazanie, jak wygl\u0105da\u0142y ich organizacja, finansowanie oraz udzia\u0142 w konfliktach zbrojnych, szczeg\u00f3lnie skuteczno\u015b\u0107 w podejmowanej walce ze wzgl\u0119du na cele wojew\u00f3dztwa pozna\u0144skiego i kaliskiego.<\/p>\n<p>Stosown\u0105 uwag\u0119 po\u015bwi\u0119c\u0119 r\u00f3wnie\u017c kadrze oficerskiej, w tym podejm\u0119 pr\u00f3b\u0119 odpowiedzi na wa\u017cne pytanie, czy oficerowie s\u0142u\u017c\u0105cy w tych formacjach byli tylko nominatami i \u2014 jak twierdzi\u0142 Stanis\u0142aw O\u015bwi\u0119cim \u2014 jedynie urz\u0119dnikami, kt\u00f3rym sejmik powierzy\u0142 dow\u00f3dztwo nad oddzia\u0142ami wojskowymi, czy te\u017c odznaczali si\u0119 pewn\u0105 wiedz\u0105 wojskow\u0105 i do\u015bwiadczeniem. Istotnym zadaniem b\u0119dzie tak\u017ce uchwycenie procesu przechodzenia oficer\u00f3w pomi\u0119dzy poszczeg\u00f3lnymi formacjami zbrojnymi samorz\u0105du i pr\u00f3ba scharakteryzowania sylwetki tzw. oficera samorz\u0105dowego.<\/p>\n","protected":false},"excerpt":{"rendered":"<p>Laureat: Bartosz Star\u0119gowski Bartosz Star\u0119gowski \u2014 \u2014 magister historii UMCS, absolwent studi\u00f3w podyplomowych z zakresu grafiki komputerowej i DTP w&hellip;<\/p>\n","protected":false},"author":2,"featured_media":0,"parent":0,"menu_order":0,"comment_status":"closed","ping_status":"closed","template":"","meta":{"footnotes":""},"class_list":["post-409","page","type-page","status-publish","hentry"],"_links":{"self":[{"href":"https:\/\/fundacja.kerstens.org\/index.php\/wp-json\/wp\/v2\/pages\/409","targetHints":{"allow":["GET"]}}],"collection":[{"href":"https:\/\/fundacja.kerstens.org\/index.php\/wp-json\/wp\/v2\/pages"}],"about":[{"href":"https:\/\/fundacja.kerstens.org\/index.php\/wp-json\/wp\/v2\/types\/page"}],"author":[{"embeddable":true,"href":"https:\/\/fundacja.kerstens.org\/index.php\/wp-json\/wp\/v2\/users\/2"}],"replies":[{"embeddable":true,"href":"https:\/\/fundacja.kerstens.org\/index.php\/wp-json\/wp\/v2\/comments?post=409"}],"version-history":[{"count":3,"href":"https:\/\/fundacja.kerstens.org\/index.php\/wp-json\/wp\/v2\/pages\/409\/revisions"}],"predecessor-version":[{"id":414,"href":"https:\/\/fundacja.kerstens.org\/index.php\/wp-json\/wp\/v2\/pages\/409\/revisions\/414"}],"wp:attachment":[{"href":"https:\/\/fundacja.kerstens.org\/index.php\/wp-json\/wp\/v2\/media?parent=409"}],"curies":[{"name":"wp","href":"https:\/\/api.w.org\/{rel}","templated":true}]}}