{"id":415,"date":"2020-07-19T19:58:34","date_gmt":"2020-07-19T18:58:34","guid":{"rendered":"https:\/\/fundacja.kerstens.org\/index.php\/?page_id=415"},"modified":"2020-07-19T20:01:18","modified_gmt":"2020-07-19T19:01:18","slug":"2016-konkurs-o-stypendium-doktoranckie-im-adama-kerstena","status":"publish","type":"page","link":"https:\/\/fundacja.kerstens.org\/index.php\/2016-konkurs-o-stypendium-doktoranckie-im-adama-kerstena\/","title":{"rendered":"2016 Konkurs o stypendium doktoranckie im. Adama Kerstena"},"content":{"rendered":"\t\t\t<!-- Flexy Breadcrumb -->\r\n\t\t\t<div class=\"fbc fbc-page\">\r\n\r\n\t\t\t\t<!-- Breadcrumb wrapper -->\r\n\t\t\t\t<div class=\"fbc-wrap\">\r\n\r\n\t\t\t\t\t<!-- Ordered list-->\r\n\t\t\t\t\t<ol class=\"fbc-items\" itemscope itemtype=\"https:\/\/schema.org\/BreadcrumbList\">\r\n\t\t\t\t\t\t            <li itemprop=\"itemListElement\" itemscope itemtype=\"https:\/\/schema.org\/ListItem\">\r\n                <span itemprop=\"name\">\r\n                    <!-- Home Link -->\r\n                    <a itemprop=\"item\" href=\"https:\/\/fundacja.kerstens.org\/index.php\">\r\n                    \r\n                                                    <i class=\"fa fa-home\" aria-hidden=\"true\"><\/i>Home                    <\/a>\r\n                <\/span>\r\n                <meta itemprop=\"position\" content=\"1\" \/><!-- Meta Position-->\r\n             <\/li><li><span class=\"fbc-separator\">\/<\/span><\/li><li class=\"active\" itemprop=\"itemListElement\" itemscope itemtype=\"https:\/\/schema.org\/ListItem\"><span itemprop=\"name\" title=\"Wiadomo\u015bci\">Wiadomo\u015bci<\/span><meta itemprop=\"position\" content=\"2\" \/><\/li>\t\t\t\t\t<\/ol>\r\n\t\t\t\t\t<div class=\"clearfix\"><\/div>\r\n\t\t\t\t<\/div>\r\n\t\t\t<\/div>\r\n\t\t\t\n<h2>Laureatka: Iwona G\u00f3rnicka<\/h2>\n<p><img loading=\"lazy\" decoding=\"async\" class=\"size-full wp-image-418 alignleft\" src=\"https:\/\/fundacja.kerstens.org\/wp-content\/uploads\/2020\/07\/180-IwonaGo\u0301rnicka.jpg\" alt=\"\" width=\"180\" height=\"258\" \/><\/p>\n<p><strong>Iwona G\u00f3rnicka<\/strong> \u2014 doktorantka w Zak\u0142adzie Historii XVI\u2014XVIII wieku Instytutu Historii UMCS. Autorka kilkunastu artyku\u0142\u00f3w naukowych, uczestniczka mi\u0119dzynarodowych oraz og\u00f3lnopolskich konferencji historycznych. Redaktor merytoryczna portalu <a href=\"http:\/\/historia.org.pl\/\">http:\/\/historia.org.pl\/<\/a> oraz tematyczna czasopisma \u201eKo\u0142o Historii\u201d. Jej zainteresowania badawcze koncentruj\u0105 si\u0119 wok\u00f3\u0142 historii politycznej Rzeczypospolitej XVI\u2014XVIII wieku, problematyki relacji polsko-tureckich w XVII wieku oraz kwestii organizacji i funkcjonowania dyplomacji polskiej w XVI\u2014XVII wieku. Obecnie pod opiek\u0105 dr. hab. <a href=\"http:\/\/www.umcs.pl\/pl\/addres-book-employee,2981,pl.htm\">Leszka Wierzbickiego<\/a> przygotowuje rozpraw\u0119 doktorsk\u0105 po\u015bwi\u0119con\u0105 walce stronnictw pod panowaniem Micha\u0142a Korybuta Wi\u015bniowieckiego na przyk\u0142adzie ukazuj\u0105cych si\u0119 w\u00f3wczas pism politycznych.<br \/>\nOtrzyma\u0142a stypendium doktorskie im. Adama Kerstena w roku akademickim 2016\/2017.<\/p>\n<h5>Rozprawa doktorska przygotowywana przez Iwon\u0119 G\u00f3rnick\u0105<\/h5>\n<p><strong>Pisma polityczne z lat 1669\u20141673 jako element walki stronnictwa kr\u00f3lewskiego z opozycyjn\u0105 propagand\u0105 malkontent\u00f3w<\/strong><\/p>\n<p>Celem przygotowywanej rozprawy doktorskiej jest ukazanie przebiegu walki tocz\u0105cej si\u0119 pomi\u0119dzy stronnikami kr\u00f3la Micha\u0142a Korybuta a opozycj\u0105 z\u0142o\u017con\u0105 z najwa\u017cniejszych \u00f3wczesnych polityk\u00f3w Rzeczypospolitej, okre\u015blanych mianem malkontent\u00f3w. G\u0142\u00f3wnym punktem odniesienia w toku prowadzonych bada\u0144 b\u0119d\u0105 pisma polityczne z tego okresu, czyli egzorbitancje, projekty, manifesty i memoria\u0142y. Pisma te w wi\u0119kszo\u015bci wysz\u0142y spod pi\u00f3ra opozycjonist\u00f3w i by\u0142y podstawowym narz\u0119dziem walki propagandowej mi\u0119dzy dworem a opozycj\u0105.<\/p>\n<p>Wa\u017cnym elementem b\u0119dzie pr\u00f3ba zweryfikowania zarzut\u00f3w kierowanych pod adresem w\u0142adcy, a tak\u017ce ukazanie stosunku Micha\u0142a Korybuta do zaistnia\u0142ej sytuacji. Kluczow\u0105 rol\u0119 w prowadzonych badaniach b\u0119dzie odgrywa\u0142a umiej\u0119tno\u015b\u0107 stworzenia na podstawie dost\u0119pnych \u017ar\u00f3de\u0142 sylwetek najwa\u017cniejszych oponent\u00f3w i zwolennik\u00f3w kr\u00f3la. Istotnym aspektem b\u0119dzie por\u00f3wnanie sprawowanych przez nich funkcji przed obj\u0119ciem w\u0142adzy przez kr\u00f3la Micha\u0142a z tymi pe\u0142nionymi tu\u017c po jego koronacji. Pozwoli to ustali\u0107 schemat kreowania przez w\u0142adc\u0119 swego najbli\u017cszego otoczenia.<\/p>\n<p>W toku swych bada\u0144 b\u0119d\u0119 korzysta\u0142a z r\u0119kopis\u00f3w znajduj\u0105cych si\u0119 w zasobach m.in. Archiwum G\u0142\u00f3wnego Akt Dawnych w Warszawie, Archiwum Pa\u0144stwowego w Poznaniu i Archiwum Pa\u0144stwowego w Gda\u0144sku. Znaczna cz\u0119\u015b\u0107 tych materia\u0142\u00f3w rozproszona jest r\u00f3wnie\u017c w krajowych bibliotekach, m.in. w Bibliotece Zak\u0142adu Narodowego im. Ossoli\u0144skich we Wroc\u0142awiu, Bibliotece Polskiej Akademii Nauk w K\u00f3rniku oraz Bibliotece Narodowej w Warszawie.<\/p>\n<h5>Wr\u0119czenie dyplomu<\/h5>\n<p>Dyrektor Instytutu Historii dr hab. Marek Sioma wr\u0119cza dyplom lauretace Stypendium im. Adama Kerstena.<\/p>\n<figure id=\"attachment_416\" aria-describedby=\"caption-attachment-416\" style=\"width: 680px\" class=\"wp-caption alignnone\"><img loading=\"lazy\" decoding=\"async\" class=\"size-full wp-image-416\" src=\"https:\/\/fundacja.kerstens.org\/wp-content\/uploads\/2020\/07\/19-Go\u0301rnicka_12.jpg\" alt=\"\" width=\"680\" height=\"751\" srcset=\"https:\/\/fundacja.kerstens.org\/wp-content\/uploads\/2020\/07\/19-Go\u0301rnicka_12.jpg 680w, https:\/\/fundacja.kerstens.org\/wp-content\/uploads\/2020\/07\/19-Go\u0301rnicka_12-272x300.jpg 272w\" sizes=\"auto, (max-width: 680px) 100vw, 680px\" \/><figcaption id=\"caption-attachment-416\" class=\"wp-caption-text\">Od lewej: Dr hab. Marek Sioma, Mgr Iwona G\u00f3rnicka<\/figcaption><\/figure>\n","protected":false},"excerpt":{"rendered":"<p>Laureatka: Iwona G\u00f3rnicka Iwona G\u00f3rnicka \u2014 doktorantka w Zak\u0142adzie Historii XVI\u2014XVIII wieku Instytutu Historii UMCS. Autorka kilkunastu artyku\u0142\u00f3w naukowych, uczestniczka&hellip;<\/p>\n","protected":false},"author":2,"featured_media":0,"parent":0,"menu_order":0,"comment_status":"closed","ping_status":"closed","template":"","meta":{"footnotes":""},"class_list":["post-415","page","type-page","status-publish","hentry"],"_links":{"self":[{"href":"https:\/\/fundacja.kerstens.org\/index.php\/wp-json\/wp\/v2\/pages\/415","targetHints":{"allow":["GET"]}}],"collection":[{"href":"https:\/\/fundacja.kerstens.org\/index.php\/wp-json\/wp\/v2\/pages"}],"about":[{"href":"https:\/\/fundacja.kerstens.org\/index.php\/wp-json\/wp\/v2\/types\/page"}],"author":[{"embeddable":true,"href":"https:\/\/fundacja.kerstens.org\/index.php\/wp-json\/wp\/v2\/users\/2"}],"replies":[{"embeddable":true,"href":"https:\/\/fundacja.kerstens.org\/index.php\/wp-json\/wp\/v2\/comments?post=415"}],"version-history":[{"count":4,"href":"https:\/\/fundacja.kerstens.org\/index.php\/wp-json\/wp\/v2\/pages\/415\/revisions"}],"predecessor-version":[{"id":425,"href":"https:\/\/fundacja.kerstens.org\/index.php\/wp-json\/wp\/v2\/pages\/415\/revisions\/425"}],"wp:attachment":[{"href":"https:\/\/fundacja.kerstens.org\/index.php\/wp-json\/wp\/v2\/media?parent=415"}],"curies":[{"name":"wp","href":"https:\/\/api.w.org\/{rel}","templated":true}]}}