{"id":426,"date":"2020-07-19T20:03:01","date_gmt":"2020-07-19T19:03:01","guid":{"rendered":"https:\/\/fundacja.kerstens.org\/index.php\/?page_id=426"},"modified":"2020-07-19T20:04:05","modified_gmt":"2020-07-19T19:04:05","slug":"2015-konkurs-o-stypendium-doktoranckie-im-adama-kerstena","status":"publish","type":"page","link":"https:\/\/fundacja.kerstens.org\/index.php\/2015-konkurs-o-stypendium-doktoranckie-im-adama-kerstena\/","title":{"rendered":"2015 Konkurs o stypendium doktoranckie im. Adama Kerstena"},"content":{"rendered":"\t\t\t<!-- Flexy Breadcrumb -->\r\n\t\t\t<div class=\"fbc fbc-page\">\r\n\r\n\t\t\t\t<!-- Breadcrumb wrapper -->\r\n\t\t\t\t<div class=\"fbc-wrap\">\r\n\r\n\t\t\t\t\t<!-- Ordered list-->\r\n\t\t\t\t\t<ol class=\"fbc-items\" itemscope itemtype=\"https:\/\/schema.org\/BreadcrumbList\">\r\n\t\t\t\t\t\t            <li itemprop=\"itemListElement\" itemscope itemtype=\"https:\/\/schema.org\/ListItem\">\r\n                <span itemprop=\"name\">\r\n                    <!-- Home Link -->\r\n                    <a itemprop=\"item\" href=\"https:\/\/fundacja.kerstens.org\/index.php\">\r\n                    \r\n                                                    <i class=\"fa fa-home\" aria-hidden=\"true\"><\/i>Home                    <\/a>\r\n                <\/span>\r\n                <meta itemprop=\"position\" content=\"1\" \/><!-- Meta Position-->\r\n             <\/li><li><span class=\"fbc-separator\">\/<\/span><\/li><li class=\"active\" itemprop=\"itemListElement\" itemscope itemtype=\"https:\/\/schema.org\/ListItem\"><span itemprop=\"name\" title=\"Wiadomo\u015bci\">Wiadomo\u015bci<\/span><meta itemprop=\"position\" content=\"2\" \/><\/li>\t\t\t\t\t<\/ol>\r\n\t\t\t\t\t<div class=\"clearfix\"><\/div>\r\n\t\t\t\t<\/div>\r\n\t\t\t<\/div>\r\n\t\t\t\n<h2>Laureat: Mariusz Kozdrach<\/h2>\n<p><img loading=\"lazy\" decoding=\"async\" class=\"size-full wp-image-419 alignleft\" src=\"https:\/\/fundacja.kerstens.org\/wp-content\/uploads\/2020\/07\/MariuszKozdrach.jpg\" alt=\"\" width=\"180\" height=\"230\" \/> <strong>Mariusz Kozdrach<\/strong> \u2014 doktorant w Zak\u0142adzie Historii XVI\u2014XVIII wieku Instytutu Historii UMCS. Cz\u0142onek Radomskiego Towarzystwa Naukowego. Sekretarz redakcji \u201eRadomskich Studi\u00f3w Humanistycznych\u201d.<br \/>\nAutor kilku artyku\u0142\u00f3w naukowych oraz wsp\u00f3\u0142autor (wraz z Dariuszem Kupiszem) monografii naukowej Kochanowscy w XV\u2014XVIII wieku. G\u0142\u00f3wne linie rodziny.<br \/>\nJego g\u0142\u00f3wne zainteresowania badawcze skupiaj\u0105 si\u0119 na historii spo\u0142eczno-gospodarczej Rzeczypospolitej XVI\u2014XVIII w., ze szczeg\u00f3lnym uwzgl\u0119dnieniem szlachty pogranicza ma\u0142opolsko-mazowieckiego w XVIII w. Tej ostatniej po\u015bwi\u0119cona jest rozprawa doktorska, kt\u00f3r\u0105 przygotowuje obecnie w IH UMCS pod kierunkiem <a href=\"http:\/\/www.umcs.pl\/pl\/addres-book-employee,1465,pl.html\" target=\"_blank\" rel=\"noopener noreferrer\">dr. hab. Dariusza Kupisza, prof. nadzw. UMCS<\/a><\/p>\n<h5 class=\"black\"><strong>Rozprawa doktorska przygotowywana przez Mariusza Kozdracha<\/strong><\/h5>\n<p><strong>Szlachta powiatu radomskiego w czasach Stanis\u0142awa Augusta Poniatowskiego. Studium wi\u0119zi lokalnych<\/strong><\/p>\n<p>Celem przygotowywanej rozprawy doktorskiej jest rekonstrukcja mechanizm\u00f3w funkcjonowania lokalnej spo\u0142eczno\u015bci szlacheckiej w schy\u0142kowym okresie istnienia Rzeczypospolitej, na przyk\u0142adzie szlachty powiatu radomskiego. Z tego wzgl\u0119du za punkt wyj\u015bcia pracy badawczej przyj\u0105\u0142em analiz\u0119 struktury maj\u0105tkowej tamtejszej szlachty. Takie rozpoznanie zamieszkuj\u0105cych powiat radomski rodzin szlacheckich pozwala na prowadzenie dalszych bada\u0144 nad wi\u0119zami spo\u0142ecznymi i politycznymi. Kwestionariusz badawczy obejmuje m.in. analiz\u0119 wi\u0119zi rodzinnych i towarzyskich, pogl\u0105d\u00f3w i postaw politycznych czy zwi\u0105zk\u00f3w klientalnych. B\u0119d\u0105ce przedmiotem mego zainteresowania zagadnienia dotycz\u0105ce np. kr\u0119gu zawieranych ma\u0142\u017ce\u0144stw, karier politycznych, postulat\u00f3w zg\u0142aszanych na sejmikach i sejmach powinny tak\u017ce da\u0107 odpowied\u017a na pytanie o poczucie wsp\u00f3lnoty i stopie\u0144 hermetyczno\u015bci zbiorowo\u015bci, jak\u0105 by\u0142a radomska szlachta.<\/p>\n<p>Dla obszaru staropolskiego wojew\u00f3dztwa sandomierskiego nie zachowa\u0142y si\u0119 ksi\u0119gi grodzkie i ziemskie, b\u0119d\u0105ce podstawowym \u017ar\u00f3d\u0142em do odtwarzania dziej\u00f3w spo\u0142eczno\u015bci szlacheckiej. Dlatego badania nad szlacht\u0105 powiatu radomskiego wymagaj\u0105 korzystania z materia\u0142\u00f3w rozproszonych po wielu archiwach i bibliotekach. Kwerend\u0105 obj\u0105\u0142em tak\u017ce XIX-wieczne ksi\u0119gi hipoteczne (zawieraj\u0105ce ekstrakty z nieistniej\u0105cych ju\u017c staropolskich ksi\u0105g s\u0105dowych) oraz XVIII-wieczne metryki parafialne, maj\u0105ce znaczny potencja\u0142 informacyjny.<\/p>\n","protected":false},"excerpt":{"rendered":"<p>Laureat: Mariusz Kozdrach Mariusz Kozdrach \u2014 doktorant w Zak\u0142adzie Historii XVI\u2014XVIII wieku Instytutu Historii UMCS. Cz\u0142onek Radomskiego Towarzystwa Naukowego. Sekretarz&hellip;<\/p>\n","protected":false},"author":2,"featured_media":0,"parent":0,"menu_order":0,"comment_status":"closed","ping_status":"closed","template":"","meta":{"footnotes":""},"class_list":["post-426","page","type-page","status-publish","hentry"],"_links":{"self":[{"href":"https:\/\/fundacja.kerstens.org\/index.php\/wp-json\/wp\/v2\/pages\/426","targetHints":{"allow":["GET"]}}],"collection":[{"href":"https:\/\/fundacja.kerstens.org\/index.php\/wp-json\/wp\/v2\/pages"}],"about":[{"href":"https:\/\/fundacja.kerstens.org\/index.php\/wp-json\/wp\/v2\/types\/page"}],"author":[{"embeddable":true,"href":"https:\/\/fundacja.kerstens.org\/index.php\/wp-json\/wp\/v2\/users\/2"}],"replies":[{"embeddable":true,"href":"https:\/\/fundacja.kerstens.org\/index.php\/wp-json\/wp\/v2\/comments?post=426"}],"version-history":[{"count":3,"href":"https:\/\/fundacja.kerstens.org\/index.php\/wp-json\/wp\/v2\/pages\/426\/revisions"}],"predecessor-version":[{"id":430,"href":"https:\/\/fundacja.kerstens.org\/index.php\/wp-json\/wp\/v2\/pages\/426\/revisions\/430"}],"wp:attachment":[{"href":"https:\/\/fundacja.kerstens.org\/index.php\/wp-json\/wp\/v2\/media?parent=426"}],"curies":[{"name":"wp","href":"https:\/\/api.w.org\/{rel}","templated":true}]}}