{"id":674,"date":"2020-07-21T17:41:32","date_gmt":"2020-07-21T16:41:32","guid":{"rendered":"https:\/\/fundacja.kerstens.org\/index.php\/?page_id=674"},"modified":"2020-07-21T17:57:19","modified_gmt":"2020-07-21T16:57:19","slug":"krystyna-kersten-anioly-sa-nudne","status":"publish","type":"page","link":"https:\/\/fundacja.kerstens.org\/index.php\/krystyna-kersten-anioly-sa-nudne\/","title":{"rendered":"Krystyna  Kersten. Anio\u0142y s\u0105 nudne"},"content":{"rendered":"<h2>Barbara N. \u0141opie\u0144ska<\/h2>\n<p><img loading=\"lazy\" decoding=\"async\" class=\"alignnone size-full wp-image-675\" src=\"https:\/\/fundacja.kerstens.org\/wp-content\/uploads\/2020\/07\/TwU00f3jStyl_KK_1.jpg\" alt=\"\" width=\"1331\" height=\"1721\" srcset=\"https:\/\/fundacja.kerstens.org\/wp-content\/uploads\/2020\/07\/TwU00f3jStyl_KK_1.jpg 1331w, https:\/\/fundacja.kerstens.org\/wp-content\/uploads\/2020\/07\/TwU00f3jStyl_KK_1-232x300.jpg 232w, https:\/\/fundacja.kerstens.org\/wp-content\/uploads\/2020\/07\/TwU00f3jStyl_KK_1-792x1024.jpg 792w, https:\/\/fundacja.kerstens.org\/wp-content\/uploads\/2020\/07\/TwU00f3jStyl_KK_1-768x993.jpg 768w, https:\/\/fundacja.kerstens.org\/wp-content\/uploads\/2020\/07\/TwU00f3jStyl_KK_1-1188x1536.jpg 1188w\" sizes=\"auto, (max-width: 1331px) 100vw, 1331px\" \/><\/p>\n<p><img loading=\"lazy\" decoding=\"async\" class=\"alignnone size-full wp-image-676\" src=\"https:\/\/fundacja.kerstens.org\/wp-content\/uploads\/2020\/07\/TwU00f3jStyl_KK_2.jpg\" alt=\"\" width=\"1318\" height=\"1714\" srcset=\"https:\/\/fundacja.kerstens.org\/wp-content\/uploads\/2020\/07\/TwU00f3jStyl_KK_2.jpg 1318w, https:\/\/fundacja.kerstens.org\/wp-content\/uploads\/2020\/07\/TwU00f3jStyl_KK_2-231x300.jpg 231w, https:\/\/fundacja.kerstens.org\/wp-content\/uploads\/2020\/07\/TwU00f3jStyl_KK_2-787x1024.jpg 787w, https:\/\/fundacja.kerstens.org\/wp-content\/uploads\/2020\/07\/TwU00f3jStyl_KK_2-768x999.jpg 768w, https:\/\/fundacja.kerstens.org\/wp-content\/uploads\/2020\/07\/TwU00f3jStyl_KK_2-1181x1536.jpg 1181w\" sizes=\"auto, (max-width: 1318px) 100vw, 1318px\" \/><\/p>\n<p><img loading=\"lazy\" decoding=\"async\" class=\"alignnone size-full wp-image-677\" src=\"https:\/\/fundacja.kerstens.org\/wp-content\/uploads\/2020\/07\/TwU00f3jStyl_KK_3.jpg\" alt=\"\" width=\"1334\" height=\"1723\" srcset=\"https:\/\/fundacja.kerstens.org\/wp-content\/uploads\/2020\/07\/TwU00f3jStyl_KK_3.jpg 1334w, https:\/\/fundacja.kerstens.org\/wp-content\/uploads\/2020\/07\/TwU00f3jStyl_KK_3-232x300.jpg 232w, https:\/\/fundacja.kerstens.org\/wp-content\/uploads\/2020\/07\/TwU00f3jStyl_KK_3-793x1024.jpg 793w, https:\/\/fundacja.kerstens.org\/wp-content\/uploads\/2020\/07\/TwU00f3jStyl_KK_3-768x992.jpg 768w, https:\/\/fundacja.kerstens.org\/wp-content\/uploads\/2020\/07\/TwU00f3jStyl_KK_3-1189x1536.jpg 1189w\" sizes=\"auto, (max-width: 1334px) 100vw, 1334px\" \/><br \/>\n<img loading=\"lazy\" decoding=\"async\" class=\"alignnone size-full wp-image-682\" src=\"https:\/\/fundacja.kerstens.org\/wp-content\/uploads\/2020\/07\/TwU00f3jStyl_KK_4.jpg\" alt=\"\" width=\"1318\" height=\"1718\" srcset=\"https:\/\/fundacja.kerstens.org\/wp-content\/uploads\/2020\/07\/TwU00f3jStyl_KK_4.jpg 1318w, https:\/\/fundacja.kerstens.org\/wp-content\/uploads\/2020\/07\/TwU00f3jStyl_KK_4-230x300.jpg 230w, https:\/\/fundacja.kerstens.org\/wp-content\/uploads\/2020\/07\/TwU00f3jStyl_KK_4-786x1024.jpg 786w, https:\/\/fundacja.kerstens.org\/wp-content\/uploads\/2020\/07\/TwU00f3jStyl_KK_4-768x1001.jpg 768w, https:\/\/fundacja.kerstens.org\/wp-content\/uploads\/2020\/07\/TwU00f3jStyl_KK_4-1178x1536.jpg 1178w\" sizes=\"auto, (max-width: 1318px) 100vw, 1318px\" \/><\/p>\n<p><img loading=\"lazy\" decoding=\"async\" class=\"alignnone size-full wp-image-683\" src=\"https:\/\/fundacja.kerstens.org\/wp-content\/uploads\/2020\/07\/TwU00f3jStyl_KK_5.jpg\" alt=\"\" width=\"1322\" height=\"1721\" srcset=\"https:\/\/fundacja.kerstens.org\/wp-content\/uploads\/2020\/07\/TwU00f3jStyl_KK_5.jpg 1322w, https:\/\/fundacja.kerstens.org\/wp-content\/uploads\/2020\/07\/TwU00f3jStyl_KK_5-230x300.jpg 230w, https:\/\/fundacja.kerstens.org\/wp-content\/uploads\/2020\/07\/TwU00f3jStyl_KK_5-787x1024.jpg 787w, https:\/\/fundacja.kerstens.org\/wp-content\/uploads\/2020\/07\/TwU00f3jStyl_KK_5-768x1000.jpg 768w, https:\/\/fundacja.kerstens.org\/wp-content\/uploads\/2020\/07\/TwU00f3jStyl_KK_5-1180x1536.jpg 1180w\" sizes=\"auto, (max-width: 1322px) 100vw, 1322px\" \/><\/p>\n<p><img loading=\"lazy\" decoding=\"async\" class=\"alignnone size-full wp-image-684\" src=\"https:\/\/fundacja.kerstens.org\/wp-content\/uploads\/2020\/07\/TwU00f3jStyl_KK_6.jpg\" alt=\"\" width=\"1320\" height=\"1718\" srcset=\"https:\/\/fundacja.kerstens.org\/wp-content\/uploads\/2020\/07\/TwU00f3jStyl_KK_6.jpg 1320w, https:\/\/fundacja.kerstens.org\/wp-content\/uploads\/2020\/07\/TwU00f3jStyl_KK_6-231x300.jpg 231w, https:\/\/fundacja.kerstens.org\/wp-content\/uploads\/2020\/07\/TwU00f3jStyl_KK_6-787x1024.jpg 787w, https:\/\/fundacja.kerstens.org\/wp-content\/uploads\/2020\/07\/TwU00f3jStyl_KK_6-768x1000.jpg 768w, https:\/\/fundacja.kerstens.org\/wp-content\/uploads\/2020\/07\/TwU00f3jStyl_KK_6-1180x1536.jpg 1180w\" sizes=\"auto, (max-width: 1320px) 100vw, 1320px\" \/><br \/>\n<img loading=\"lazy\" decoding=\"async\" class=\"size-full wp-image-545 alignleft\" src=\"https:\/\/fundacja.kerstens.org\/wp-content\/uploads\/2020\/07\/pdf.jpg\" alt=\"\" width=\"19\" height=\"25\" style=\"margin-right:0 !important;\"\/><small><a href=\"https:\/\/fundacja.kerstens.org\/wp-content\/uploads\/2020\/07\/TwU00f3jStyl_KK_compressed.pdf\">Krystyna Kersten. Anio\u0142y s\u0105 nudne<\/a><\/small><\/p>\n<blockquote class=\"maincontent_blockquote\"><p><small>\u0179r\u00f3d\u0142o:\u201eTw\u00f3j Styl\u201d 1994, nr 10, s. 14\u201319.<\/small><\/p><\/blockquote>\n","protected":false},"excerpt":{"rendered":"<p>Barbara N. \u0141opie\u0144ska Krystyna Kersten. Anio\u0142y s\u0105 nudne \u0179r\u00f3d\u0142o:\u201eTw\u00f3j Styl\u201d 1994, nr 10, s. 14\u201319.<\/p>\n","protected":false},"author":2,"featured_media":0,"parent":0,"menu_order":0,"comment_status":"closed","ping_status":"closed","template":"","meta":{"footnotes":""},"class_list":["post-674","page","type-page","status-publish","hentry"],"_links":{"self":[{"href":"https:\/\/fundacja.kerstens.org\/index.php\/wp-json\/wp\/v2\/pages\/674","targetHints":{"allow":["GET"]}}],"collection":[{"href":"https:\/\/fundacja.kerstens.org\/index.php\/wp-json\/wp\/v2\/pages"}],"about":[{"href":"https:\/\/fundacja.kerstens.org\/index.php\/wp-json\/wp\/v2\/types\/page"}],"author":[{"embeddable":true,"href":"https:\/\/fundacja.kerstens.org\/index.php\/wp-json\/wp\/v2\/users\/2"}],"replies":[{"embeddable":true,"href":"https:\/\/fundacja.kerstens.org\/index.php\/wp-json\/wp\/v2\/comments?post=674"}],"version-history":[{"count":7,"href":"https:\/\/fundacja.kerstens.org\/index.php\/wp-json\/wp\/v2\/pages\/674\/revisions"}],"predecessor-version":[{"id":689,"href":"https:\/\/fundacja.kerstens.org\/index.php\/wp-json\/wp\/v2\/pages\/674\/revisions\/689"}],"wp:attachment":[{"href":"https:\/\/fundacja.kerstens.org\/index.php\/wp-json\/wp\/v2\/media?parent=674"}],"curies":[{"name":"wp","href":"https:\/\/api.w.org\/{rel}","templated":true}]}}