{"id":904,"date":"2020-07-23T15:18:30","date_gmt":"2020-07-23T14:18:30","guid":{"rendered":"https:\/\/fundacja.kerstens.org\/index.php\/?page_id=904"},"modified":"2020-07-23T15:32:25","modified_gmt":"2020-07-23T14:32:25","slug":"strajki-studenckie-w-1981-roku","status":"publish","type":"page","link":"https:\/\/fundacja.kerstens.org\/index.php\/strajki-studenckie-w-1981-roku\/","title":{"rendered":"Strajki studenckie w 1981 roku"},"content":{"rendered":"<h3>Kalendarium <\/h3>\n<table class=\"nohover\">\n<tbody>\n<tr>\n<td valign=\"top\">\n<p><strong>19&nbsp;marca<\/strong><\/p>\n<\/td>\n<td>\n<p>,,Solidarno\u015b\u0107&#8221; UMCS przygotowa\u0142a sesj\u0119 po\u015bwi\u0119con\u0105 tradycji \u015bw. J\u00f3zefa, podczas kt\u00f3rej ludzie r\u00f3\u017cnych orientacji wypowiadali si\u0119 na temat wielu wymiar\u00f3w pracy i koncepcji ,,Polak \u2013 katolik&#8221;. W czasie sesji wyk\u0142ady wyg\u0142osili ks. Mieczys\u0142aw Brzozowski, Adam Kersten, Ryszard Bender i inni.<\/p>\n<\/td>\n<\/tr>\n<tr>\n<td valign=\"top\">\n<p><strong>9&nbsp;listopada<\/strong><\/p>\n<\/td>\n<td>\n<p>Zarz\u0105d Regionu NSZZ ,,Solidarno\u015b\u0107&#8221; w Lublinie poinformowa\u0142 wojewod\u0119 lubelskiego o przygotowaniach do uroczysto\u015bci 11 Listopada. Wed\u0142ug ,,Informatora&#8221; uroczysto\u015b\u0107 rozpocz\u0119\u0142a si\u0119 o godzinie 18.00 od\u015bpiewaniem hymnu narodowego, nast\u0119pnie przem\u00f3wienia wyg\u0142osili profesorowie Adam Kersten, Jerzy K\u0142oczowski i nauczyciel Zygmunt \u0141upina. Nast\u0119pnie odczytano projekt rezolucji:\n      <\/p>\n<ol>\n<li>Nar\u00f3d polski pot\u0119pia dotychczasowe praktyki prze\u015bladowa\u0144 za organizowanie i uczestnictwo w obchodach \u015bwi\u0119ta niepodleg\u0142o\u015bci. Winno ono mie\u0107 oficjalny i narodowy charakter.        <\/li>\n<li>\u015alady walk Polak\u00f3w o niepodleg\u0142o\u015b\u0107 winny znale\u017a\u0107 si\u0119 pod opiek\u0105 w\u0142adz i spo\u0142ecze\u0144stwa niezale\u017cnie od orientacji politycznych walcz\u0105cych [\u2026]        <\/li>\n<li>Walki Polak\u00f3w o niepodleg\u0142o\u015b\u0107 winny znale\u017a\u0107 zgodne z prawd\u0105 o\u015bwietlenie w podr\u0119cznikach szkolnych i w wychowaniu patriotycznym spo\u0142ecze\u0144stwa oraz godne odzwierciedlenie w nazwach zak\u0142ad\u00f3w pracy, szk\u00f3\u0142, ulic, plac\u00f3w itp.<\/li>\n<li>Zdaj\u0105c sobie spraw\u0119, \u017ce walka o niepodleg\u0142o\u015b\u0107 to nie tylko historia, lecz i nakaz chwili obecnej, mobilizujemy swe si\u0142y do walki o samorz\u0105dn\u0105 Rzeczpospolit\u0105.        <\/li>\n<\/ol>\n<p>Rezolucja zosta\u0142a przyj\u0119ta oklaskami zebranych, nast\u0119pnie odby\u0142 si\u0119 apel poleg\u0142ych, za\u015bpiewano ,,Bo\u017ce, co\u015b Polsk\u0119&#8221;. Wed\u0142ug prasy nielegalnej w manifestacji uczestniczy\u0142o oko\u0142o 2 tys. os\u00f3b, a wed\u0142ug raportu Wydzia\u0142u Polityczno \u2013 Organizacyjnego KW PZPR \u2013 oko\u0142o 1,5 tys.<\/p>\n<\/td>\n<\/tr>\n<tr>\n<td valign=\"top\">\n<p><strong>11&nbsp;listopada<\/strong><\/p>\n<\/td>\n<td>\n<p>NSZZ ,,Solidarno\u015b\u0107&#8221; upami\u0119tni\u0142 rocznic\u0119 niepodleg\u0142o\u015bci przez uroczyste rozpocz\u0119cie dzia\u0142alno\u015bci wszechnicy ,,Solidarno\u015b\u0107&#8221; \u2013 formy uniwersytetu otwartego. Profesor Adam Kersten wyg\u0142osi\u0142 prelekcj\u0119 w Domu Kultury Kolejarza w Lublinie.<br \/>\n      (,,Informator Strajkowy&#8221; z dni: 28 listopada 1981, nr 6\/7; 30 listopada 1981, nr 8; 1 grudnia, nr 9; oraz 3 grudnia 1981, nr 11.)\n      <\/p>\n<p>Opr\u00f3cz dyskusji panelowej pt. ,,Historycy o Historii&#8221;, profesorowie wyg\u0142osili te\u017c wyk\u0142ady: Adam Kersten o ,,Demokratycznej opozycji po 1976 r.&#8221;, Adam Stanowski o ,,Katolikach w Polsce 1945 \u2013 1956&#8243;, W\u0142adys\u0142aw Bartoszewski o ,,Polskim pa\u0144stwie podziemnym 1939 \u2013 1945&#8243;, Ewa Jab\u0142o\u0144ska o ,,Roli Jasnej G\u00f3ry w kszta\u0142towaniu \u015bwiadomo\u015bci narodowej&#8221;.<\/p>\n<\/td>\n<\/tr>\n<\/tbody>\n<\/table>\n<h5>Wspomnienie W.T. Grudnia<\/h5>\n<p> <a href=\"http:\/\/www.tnn.pl\/himow_fragment.php?idhr=2632\">Strajk by\u0142 zabawny<\/a>  \u2014 m\u00f3wi Wiktor Tomasz Grudzie\u0144 \u2014 trwa\u0142 jakie\u015b trzy tygodnie  (&#8230;). Zawi\u0105za\u0142 si\u0119 komitet strajkowy. <\/p>\n<p>Komitet rano  przyszed\u0142 do Chatki \u017baka. Za\u017c\u0105da\u0142 wydania kluczy. Postawiony zosta\u0142 stolik i zacz\u0119li\u015bmy  si\u0119 zapisywa\u0107, pokazuj\u0105c legitymacj\u0119. Sporz\u0105dzono list\u0119. Podpisywali\u015bmy si\u0119 na  niej. Zg\u0142osili\u015bmy si\u0119 ze \u015bpiworami, ze zmian\u0105 bielizny etc. W jaki\u015b spos\u00f3b  odby\u0142y si\u0119 r\u00f3\u017cne boje o poszczeg\u00f3lne pomieszczenia. My\u015bmy stoczyli&nbsp; b\u00f3j z  panem Leszczy\u0144skim, \u017ceby zaj\u0105\u0107 lokal jego Zespo\u0142u Pie\u015bni i Ta\u0144ca UMCS.  Pomieszczenie jako\u015b tak nam si\u0119 spodoba\u0142o i tam wtargn\u0105\u0142 w\u0142a\u015bnie pierwszy, drugi  i trzeci rok historii. Ci zainteresowani oczywi\u015bcie. Poza histori\u0105 byli jeszcze  prawnicy, kilka os\u00f3b z administracji, te pierwsze lata.<\/p>\n<p>W naszym pokoju sypia\u0142 w\u0142a\u015bnie profesor Kersten.  Jego jedynego z profesor\u00f3w, kt\u00f3rzy byli na strajku, rzeczywi\u015bcie widzia\u0142em.  Chcia\u0142 strajkowa\u0107 ze swoimi uczniami. Odda\u0142 si\u0119 do dyspozycji NZS-u. No,  kochany by\u0142 ten nasz profesor. Mia\u0142 wtedy pi\u0119\u0107dziesi\u0105t lat. Nied\u0142ugo ja b\u0119d\u0119  mia\u0142 tyle. Prowadzi\u0142 oczywi\u015bcie swoje seminarium, proseminarium. Tak \u017ce by\u0142 to  dla nas niew\u0105tpliwy zaszczyt, \u017ce profesor by\u0142 z nami. Cz\u0119sto wyje\u017cd\u017ca\u0142 do  Warszawy, wi\u0119c nie tak znowu ca\u0142y czas byli\u015bmy pod jego okiem. Tak wi\u0119c \u017cycie  strajkowe by\u0142o bardzo intensywne. Czasami rozrywkowe, czasami troch\u0119 pracowite. <\/p>\n<p>[\u2026] Wydaje mi si\u0119, \u017ce prowadzono  te\u017c sporo wyk\u0142ad\u00f3w. Profesor nie pozwala\u0142 nam traci\u0107 czasu, a wi\u0119c wci\u0105\u017c nas naucza\u0142.  Mia\u0142 zmys\u0142 dydaktyczny niezaspokojony wr\u0119cz. I by\u0142 znakomitym gaw\u0119dziarzem.  Mia\u0142 jedn\u0105 wad\u0119, \u017ce ci\u0105gle pali\u0142 fajk\u0119. Rzeczywi\u015bcie, trzy fajki by\u0142y ca\u0142y czas  w obrocie. Jedna by\u0142a nabijana, jedna by\u0142a palona, jedna by\u0142a w rezerwie, jakby  kt\u00f3ra\u015b z dw\u00f3ch pierwszych gdzie\u015b si\u0119 zapodzia\u0142a. <\/p>\n<h3>Spotkanie w Chatce \u017baka<\/h3>\n<p><figure id=\"attachment_917\" aria-describedby=\"caption-attachment-917\" style=\"width: 600px\" class=\"wp-caption alignnone\"><img loading=\"lazy\" decoding=\"async\" src=\"https:\/\/fundacja.kerstens.org\/wp-content\/uploads\/2020\/07\/Strajk_na_UMCS_01.jpg\" alt=\"\" width=\"600\" height=\"438\" class=\"size-full wp-image-917\" srcset=\"https:\/\/fundacja.kerstens.org\/wp-content\/uploads\/2020\/07\/Strajk_na_UMCS_01.jpg 600w, https:\/\/fundacja.kerstens.org\/wp-content\/uploads\/2020\/07\/Strajk_na_UMCS_01-300x219.jpg 300w\" sizes=\"auto, (max-width: 600px) 100vw, 600px\" \/><figcaption id=\"caption-attachment-917\" class=\"wp-caption-text\">Spotkanie w Chatce \u017baka z prof. Adamem Kerstenem (pierwszy z prawej), Adamem P\u0119zio\u0142em, przewodnicz\u0105cym komitetu strajkowego (w \u015brodku) i Janem Bartczakiem, przewodnicz\u0105cym Zarz\u0105du Regionu NSZZ \u201eSolidarno\u015b\u0107\u201d (pierwszy z lewej), kt\u00f3re odby\u0142o si\u0119 podczas strajk\u00f3w na UMCS-ie w 1981 r.<\/figcaption><\/figure><br \/>\n<figure id=\"attachment_918\" aria-describedby=\"caption-attachment-918\" style=\"width: 600px\" class=\"wp-caption alignnone\"><img loading=\"lazy\" decoding=\"async\" src=\"https:\/\/fundacja.kerstens.org\/wp-content\/uploads\/2020\/07\/Strajk_na_UMCS_04.jpg\" alt=\"\" width=\"600\" height=\"459\" class=\"size-full wp-image-918\" srcset=\"https:\/\/fundacja.kerstens.org\/wp-content\/uploads\/2020\/07\/Strajk_na_UMCS_04.jpg 600w, https:\/\/fundacja.kerstens.org\/wp-content\/uploads\/2020\/07\/Strajk_na_UMCS_04-300x230.jpg 300w\" sizes=\"auto, (max-width: 600px) 100vw, 600px\" \/><figcaption id=\"caption-attachment-918\" class=\"wp-caption-text\">Prof. Adam Kersten (w okularach, stoi) podczas strajku w Chatce \u017baka w 1981 r.<\/figcaption><\/figure><\/p>\n<blockquote class=\"maincontent_blockquote\"><p><small>\u0179r\u00f3d\u0142o: 1. Wiktor  Tomasz Grudzie\u0144, <a href=\"http:\/\/www.tnn.pl\/himow_fragment.php?idhr=2632\">Strajk  by\u0142 zabawny<\/a>. <br \/>\n  2. Zdj\u0119cia i podpisy: Teatr NN.Pl, <a href=\"http:\/\/biblioteka.teatrnn.pl\/dlibra\/dlibra\/docmetadata?id=22713&amp;from=&amp;dirids=1&amp;ver_id=57606&amp;lp=2&amp;QI=!A16D0B7F3B1E4B5C0BBD8FD03545074A-1\">Strajki studenckie w 1981 roku<\/a><\/small><\/p><\/blockquote>\n","protected":false},"excerpt":{"rendered":"<p>Kalendarium 19&nbsp;marca ,,Solidarno\u015b\u0107&#8221; UMCS przygotowa\u0142a sesj\u0119 po\u015bwi\u0119con\u0105 tradycji \u015bw. J\u00f3zefa, podczas kt\u00f3rej ludzie r\u00f3\u017cnych orientacji wypowiadali si\u0119 na temat wielu&hellip;<\/p>\n","protected":false},"author":2,"featured_media":0,"parent":0,"menu_order":0,"comment_status":"closed","ping_status":"closed","template":"","meta":{"footnotes":""},"class_list":["post-904","page","type-page","status-publish","hentry"],"_links":{"self":[{"href":"https:\/\/fundacja.kerstens.org\/index.php\/wp-json\/wp\/v2\/pages\/904","targetHints":{"allow":["GET"]}}],"collection":[{"href":"https:\/\/fundacja.kerstens.org\/index.php\/wp-json\/wp\/v2\/pages"}],"about":[{"href":"https:\/\/fundacja.kerstens.org\/index.php\/wp-json\/wp\/v2\/types\/page"}],"author":[{"embeddable":true,"href":"https:\/\/fundacja.kerstens.org\/index.php\/wp-json\/wp\/v2\/users\/2"}],"replies":[{"embeddable":true,"href":"https:\/\/fundacja.kerstens.org\/index.php\/wp-json\/wp\/v2\/comments?post=904"}],"version-history":[{"count":12,"href":"https:\/\/fundacja.kerstens.org\/index.php\/wp-json\/wp\/v2\/pages\/904\/revisions"}],"predecessor-version":[{"id":921,"href":"https:\/\/fundacja.kerstens.org\/index.php\/wp-json\/wp\/v2\/pages\/904\/revisions\/921"}],"wp:attachment":[{"href":"https:\/\/fundacja.kerstens.org\/index.php\/wp-json\/wp\/v2\/media?parent=904"}],"curies":[{"name":"wp","href":"https:\/\/api.w.org\/{rel}","templated":true}]}}